Last updated on 2025-07-23 02:53:54 CEST.
Flavor | Version | Tinstall | Tcheck | Ttotal | Status | Flags |
---|---|---|---|---|---|---|
r-devel-linux-x86_64-debian-clang | 0.2.0 | 7.30 | 96.89 | 104.19 | NOTE | |
r-devel-linux-x86_64-debian-gcc | 0.2.0 | 4.58 | 68.51 | 73.09 | NOTE | |
r-devel-linux-x86_64-fedora-clang | 0.2.0 | 155.56 | OK | |||
r-devel-linux-x86_64-fedora-gcc | 0.2.0 | 160.25 | OK | |||
r-devel-windows-x86_64 | 0.2.0 | 9.00 | 111.00 | 120.00 | NOTE | |
r-patched-linux-x86_64 | 0.2.0 | 7.47 | 89.89 | 97.36 | NOTE | |
r-release-linux-x86_64 | 0.2.0 | 4.51 | 90.84 | 95.35 | NOTE | |
r-release-macos-arm64 | 0.2.0 | 57.00 | OK | |||
r-release-macos-x86_64 | 0.2.0 | 102.00 | OK | |||
r-release-windows-x86_64 | 0.2.0 | 9.00 | 112.00 | 121.00 | NOTE | |
r-oldrel-macos-arm64 | 0.2.0 | 56.00 | NOTE | |||
r-oldrel-macos-x86_64 | 0.2.0 | 81.00 | NOTE | |||
r-oldrel-windows-x86_64 | 0.2.0 | 13.00 | 139.00 | 152.00 | NOTE |
Version: 0.2.0
Check: Rd cross-references
Result: NOTE
Found the following Rd file(s) with Rd \link{} targets missing package
anchors:
knitPrintListObjects.Rd: knitr
Please provide package anchors for all Rd \link{} targets not in the
package itself and the base packages.
Flavors: r-devel-linux-x86_64-debian-clang, r-devel-linux-x86_64-debian-gcc, r-devel-windows-x86_64, r-patched-linux-x86_64, r-release-linux-x86_64, r-release-windows-x86_64
Version: 0.2.0
Check: installed package size
Result: NOTE
installed size is 7.6Mb
sub-directories of 1Mb or more:
doc 6.5Mb
Flavors: r-oldrel-macos-arm64, r-oldrel-macos-x86_64, r-oldrel-windows-x86_64