Last updated on 2025-11-20 03:50:03 CET.
| Flavor | Version | Tinstall | Tcheck | Ttotal | Status | Flags |
|---|---|---|---|---|---|---|
| r-devel-linux-x86_64-debian-clang | 2.1.0 | 6.93 | 186.88 | 193.81 | NOTE | |
| r-devel-linux-x86_64-debian-gcc | 2.1.0 | 3.37 | 131.12 | 134.49 | NOTE | |
| r-devel-linux-x86_64-fedora-clang | 2.1.0 | 14.00 | 279.17 | 293.17 | NOTE | |
| r-devel-linux-x86_64-fedora-gcc | 2.1.0 | 14.00 | 263.56 | 277.56 | NOTE | |
| r-devel-windows-x86_64 | 2.1.0 | 15.00 | 186.00 | 201.00 | NOTE | |
| r-patched-linux-x86_64 | 2.1.0 | 7.72 | 174.03 | 181.75 | NOTE | |
| r-release-linux-x86_64 | 2.1.0 | 6.68 | 174.62 | 181.30 | NOTE | |
| r-release-macos-arm64 | 2.1.0 | NOTE | ||||
| r-release-macos-x86_64 | 2.1.0 | 5.00 | 147.00 | 152.00 | NOTE | |
| r-release-windows-x86_64 | 2.1.0 | 11.00 | 183.00 | 194.00 | NOTE | |
| r-oldrel-macos-arm64 | 2.1.0 | OK | ||||
| r-oldrel-macos-x86_64 | 2.1.0 | 6.00 | 145.00 | 151.00 | OK | |
| r-oldrel-windows-x86_64 | 2.1.0 | 14.00 | 229.00 | 243.00 | OK |
Version: 2.1.0
Check: DESCRIPTION meta-information
Result: NOTE
Missing dependency on R >= 4.2.0 because package code uses the pipe
placeholder syntax added in R 4.2.0.
File(s) using such syntax:
‘calc_rci.R’
Flavors: r-devel-linux-x86_64-debian-clang, r-devel-linux-x86_64-debian-gcc, r-devel-linux-x86_64-fedora-clang, r-devel-linux-x86_64-fedora-gcc, r-devel-windows-x86_64, r-patched-linux-x86_64, r-release-linux-x86_64, r-release-macos-arm64, r-release-windows-x86_64
Version: 2.1.0
Check: DESCRIPTION meta-information
Result: NOTE
Missing dependency on R >= 4.1.0 because package code uses the pipe
|> or function shorthand \(...) syntax added in R 4.1.0.
File(s) using such syntax:
‘calc_anchor.R’ ‘calc_cutoff.R’ ‘calc_percentage.R’ ‘calc_rci.R’
‘calc_recovered.R’ ‘create_summary_table.R’ ‘cs_anchor.R’
‘cs_combined.R’ ‘cs_distribution.R’ ‘cs_get_augmented_data.R’
‘cs_get_cutoff.R’ ‘cs_get_cutoff_descriptives.R’ ‘cs_get_n.R’
‘cs_get_reliability.R’ ‘cs_percentage.R’ ‘cs_statistical.R’
‘package-utils.R’ ‘plot.R’ ‘prep_data.R’
Flavor: r-release-macos-x86_64