Last updated on 2024-05-21 02:01:57 CEST.
Flavor | Version | Tinstall | Tcheck | Ttotal | Status | Flags |
---|---|---|---|---|---|---|
r-devel-linux-x86_64-debian-clang | 1.1 | 5.23 | 20.78 | 26.01 | OK | |
r-devel-linux-x86_64-debian-gcc | 1.1 | 4.81 | 16.69 | 21.50 | OK | |
r-devel-linux-x86_64-fedora-clang | 1.1 | 39.95 | NOTE | |||
r-devel-linux-x86_64-fedora-gcc | 1.1 | 33.78 | NOTE | |||
r-devel-windows-x86_64 | 1.1 | 7.00 | 40.00 | 47.00 | OK | |
r-patched-linux-x86_64 | 1.1 | 5.78 | 20.02 | 25.80 | OK | |
r-release-linux-x86_64 | 1.1 | 5.74 | 20.84 | 26.58 | OK | |
r-release-macos-arm64 | 1.1 | 15.00 | OK | |||
r-release-windows-x86_64 | 1.1 | 6.00 | 39.00 | 45.00 | OK | |
r-oldrel-macos-arm64 | 1.1 | 16.00 | OK | |||
r-oldrel-macos-x86_64 | 1.1 | 20.00 | OK | |||
r-oldrel-windows-x86_64 | 1.1 | 8.00 | 55.00 | 63.00 | OK |
Version: 1.1
Check: compiled code
Result: NOTE
File ‘clustering.sc.dp/libs/clustering.sc.dp.so’:
Found no calls to: ‘R_registerRoutines’, ‘R_useDynamicSymbols’
It is good practice to register native routines and to disable symbol
search.
See ‘Writing portable packages’ in the ‘Writing R Extensions’ manual.
Flavors: r-devel-linux-x86_64-fedora-clang, r-devel-linux-x86_64-fedora-gcc