Last updated on 2025-11-15 02:52:56 CET.
| Flavor | Version | Tinstall | Tcheck | Ttotal | Status | Flags |
|---|---|---|---|---|---|---|
| r-devel-linux-x86_64-debian-clang | 0.1.3 | 8.30 | 89.71 | 98.01 | OK | |
| r-devel-linux-x86_64-debian-gcc | 0.1.3 | 7.09 | 64.92 | 72.01 | OK | |
| r-devel-linux-x86_64-fedora-clang | 0.1.3 | 18.00 | 133.06 | 151.06 | NOTE | |
| r-devel-linux-x86_64-fedora-gcc | 0.1.3 | 18.00 | 142.82 | 160.82 | NOTE | |
| r-devel-windows-x86_64 | 0.1.3 | 13.00 | 101.00 | 114.00 | OK | |
| r-patched-linux-x86_64 | 0.1.3 | 8.47 | 85.09 | 93.56 | OK | |
| r-release-linux-x86_64 | 0.1.3 | 8.58 | 85.28 | 93.86 | OK | |
| r-release-macos-arm64 | 0.1.3 | 5.00 | 56.00 | 61.00 | OK | |
| r-release-macos-x86_64 | 0.1.3 | 10.00 | 99.00 | 109.00 | OK | |
| r-release-windows-x86_64 | 0.1.3 | 10.00 | 99.00 | 109.00 | OK | |
| r-oldrel-macos-arm64 | 0.1.3 | 4.00 | 44.00 | 48.00 | OK | |
| r-oldrel-macos-x86_64 | 0.1.3 | 7.00 | 70.00 | 77.00 | OK | |
| r-oldrel-windows-x86_64 | 0.1.3 | 15.00 | 120.00 | 135.00 | OK |
Version: 0.1.3
Check: dependencies in R code
Result: NOTE
Namespace in Imports field not imported from: ‘MPV’
All declared Imports should be used.
Flavors: r-devel-linux-x86_64-fedora-clang, r-devel-linux-x86_64-fedora-gcc