CRAN Package Check Results for Package condvis

Last updated on 2025-11-15 02:52:56 CET.

Flavor Version Tinstall Tcheck Ttotal Status Flags
r-devel-linux-x86_64-debian-clang 0.5-1 6.10 49.56 55.66 NOTE
r-devel-linux-x86_64-debian-gcc 0.5-1 4.66 35.95 40.61 NOTE
r-devel-linux-x86_64-fedora-clang 0.5-1 13.00 68.75 81.75 OK
r-devel-linux-x86_64-fedora-gcc 0.5-1 13.00 65.57 78.57 OK
r-devel-windows-x86_64 0.5-1 10.00 64.00 74.00 OK
r-patched-linux-x86_64 0.5-1 6.52 46.35 52.87 NOTE
r-release-linux-x86_64 0.5-1 6.17 46.53 52.70 NOTE
r-release-macos-arm64 0.5-1 2.00 25.00 27.00 OK
r-release-macos-x86_64 0.5-1 4.00 44.00 48.00 OK
r-release-windows-x86_64 0.5-1 8.00 64.00 72.00 OK
r-oldrel-macos-arm64 0.5-1 2.00 27.00 29.00 OK
r-oldrel-macos-x86_64 0.5-1 4.00 35.00 39.00 OK
r-oldrel-windows-x86_64 0.5-1 7.00 75.00 82.00 OK

Check Details

Version: 0.5-1
Check: for unstated dependencies in ‘demo’
Result: NOTE 'library' or 'require' call not declared from: ‘e1071’ Flavors: r-devel-linux-x86_64-debian-clang, r-devel-linux-x86_64-debian-gcc, r-patched-linux-x86_64, r-release-linux-x86_64