Last updated on 2024-05-11 01:50:34 CEST.
Flavor | Version | Tinstall | Tcheck | Ttotal | Status | Flags |
---|---|---|---|---|---|---|
r-devel-linux-x86_64-debian-clang | 1.2.0 | 13.18 | 114.52 | 127.70 | OK | |
r-devel-linux-x86_64-debian-gcc | 1.2.0 | 7.68 | 90.97 | 98.65 | OK | |
r-devel-linux-x86_64-fedora-clang | 1.2.0 | 159.16 | NOTE | |||
r-devel-linux-x86_64-fedora-gcc | 1.2.0 | 204.75 | NOTE | |||
r-devel-windows-x86_64 | 1.2.0 | 13.00 | 114.00 | 127.00 | OK | |
r-patched-linux-x86_64 | 1.2.0 | 8.38 | 114.52 | 122.90 | OK | |
r-release-linux-x86_64 | 1.2.0 | 10.93 | 116.72 | 127.65 | OK | |
r-release-macos-arm64 | 1.2.0 | 69.00 | OK | |||
r-release-windows-x86_64 | 1.2.0 | 14.00 | 110.00 | 124.00 | OK | |
r-oldrel-macos-arm64 | 1.2.0 | 69.00 | OK | |||
r-oldrel-macos-x86_64 | 1.2.0 | 120.00 | OK | |||
r-oldrel-windows-x86_64 | 1.2.0 | 16.00 | 128.00 | 144.00 | OK |
Version: 1.2.0
Check: data for non-ASCII characters
Result: NOTE
Note: found 9044 marked UTF-8 strings
Flavors: r-devel-linux-x86_64-fedora-clang, r-devel-linux-x86_64-fedora-gcc