Last updated on 2025-10-31 01:48:54 CET.
| Flavor | Version | Tinstall | Tcheck | Ttotal | Status | Flags | 
|---|---|---|---|---|---|---|
| r-devel-linux-x86_64-debian-clang | 4.0.0 | 14.89 | 52.86 | 67.75 | NOTE | |
| r-devel-linux-x86_64-debian-gcc | 4.0.0 | 11.44 | 41.40 | 52.84 | NOTE | |
| r-devel-linux-x86_64-fedora-clang | 4.0.0 | 41.00 | 65.56 | 106.56 | OK | |
| r-devel-linux-x86_64-fedora-gcc | 4.0.0 | 38.00 | 61.30 | 99.30 | OK | |
| r-devel-windows-x86_64 | 4.0.0 | 19.00 | 80.00 | 99.00 | OK | |
| r-patched-linux-x86_64 | 4.0.0 | 16.90 | 51.29 | 68.19 | OK | |
| r-release-linux-x86_64 | 4.0.0 | 17.15 | 51.62 | 68.77 | OK | |
| r-release-macos-arm64 | 4.0.0 | 9.00 | 34.00 | 43.00 | OK | |
| r-release-macos-x86_64 | 4.0.0 | 11.00 | 48.00 | 59.00 | OK | |
| r-release-windows-x86_64 | 4.0.0 | 19.00 | 82.00 | 101.00 | OK | |
| r-oldrel-macos-arm64 | 4.0.0 | 7.00 | 26.00 | 33.00 | OK | |
| r-oldrel-macos-x86_64 | 4.0.0 | 10.00 | 38.00 | 48.00 | OK | |
| r-oldrel-windows-x86_64 | 4.0.0 | 23.00 | 100.00 | 123.00 | OK | 
Version: 4.0.0
Check: CRAN incoming feasibility
Result: NOTE
  Maintainer: ‘Anna Neufeld <aneufeld@fredhutch.org>’
  
  The Description field contains
    <arXiv:2307.12985>. Intended for turning a matrix of single-cell RNA
  Please refer to arXiv e-prints via their arXiv DOI <doi:10.48550/arXiv.YYMM.NNNNN>.
Flavors: r-devel-linux-x86_64-debian-clang, r-devel-linux-x86_64-debian-gcc