Last updated on 2025-11-15 02:52:57 CET.
| Flavor | Version | Tinstall | Tcheck | Ttotal | Status | Flags |
|---|---|---|---|---|---|---|
| r-devel-linux-x86_64-debian-clang | 0.4.0 | 47.20 | 356.46 | 403.66 | OK | |
| r-devel-linux-x86_64-debian-gcc | 0.4.0 | 29.02 | 247.76 | 276.78 | OK | |
| r-devel-linux-x86_64-fedora-clang | 0.4.0 | 97.00 | 554.46 | 651.46 | OK | |
| r-devel-linux-x86_64-fedora-gcc | 0.4.0 | 72.00 | 559.39 | 631.39 | OK | |
| r-devel-windows-x86_64 | 0.4.0 | 68.00 | 363.00 | 431.00 | OK | |
| r-patched-linux-x86_64 | 0.4.0 | 45.67 | 366.61 | 412.28 | OK | |
| r-release-linux-x86_64 | 0.4.0 | 48.41 | 362.96 | 411.37 | OK | |
| r-release-macos-arm64 | 0.4.0 | 18.00 | 310.00 | 328.00 | OK | |
| r-release-macos-x86_64 | 0.4.0 | 19.00 | 320.00 | 339.00 | OK | |
| r-release-windows-x86_64 | 0.4.0 | 61.00 | 359.00 | 420.00 | OK | |
| r-oldrel-macos-arm64 | 0.4.0 | 21.00 | 221.00 | 242.00 | NOTE | |
| r-oldrel-macos-x86_64 | 0.4.0 | 22.00 | 270.00 | 292.00 | NOTE | |
| r-oldrel-windows-x86_64 | 0.4.0 | 72.00 | 477.00 | 549.00 | OK |
Version: 0.4.0
Check: installed package size
Result: NOTE
installed size is 5.3Mb
sub-directories of 1Mb or more:
doc 1.6Mb
libs 2.9Mb
Flavors: r-oldrel-macos-arm64, r-oldrel-macos-x86_64