CRAN Package Check Results for Package cryst

Last updated on 2025-07-22 01:49:15 CEST.

Flavor Version Tinstall Tcheck Ttotal Status Flags
r-devel-linux-x86_64-debian-clang 0.1.0 2.04 27.67 29.71 NOTE
r-devel-linux-x86_64-debian-gcc 0.1.0 1.67 21.12 22.79 NOTE
r-devel-linux-x86_64-fedora-clang 0.1.0 42.95 OK
r-devel-linux-x86_64-fedora-gcc 0.1.0 42.47 OK
r-devel-windows-x86_64 0.1.0 3.00 46.00 49.00 OK
r-patched-linux-x86_64 0.1.0 2.13 26.01 28.14 OK
r-release-linux-x86_64 0.1.0 1.98 26.35 28.33 OK
r-release-macos-arm64 0.1.0 20.00 OK
r-release-macos-x86_64 0.1.0 32.00 OK
r-release-windows-x86_64 0.1.0 2.00 49.00 51.00 OK
r-oldrel-macos-arm64 0.1.0 18.00 OK
r-oldrel-macos-x86_64 0.1.0 25.00 OK
r-oldrel-windows-x86_64 0.1.0 3.00 50.00 53.00 OK

Check Details

Version: 0.1.0
Check: CRAN incoming feasibility
Result: NOTE Maintainer: ‘Claudio Pozo Valenzuela <claudiopozova@gmail.com>’ No Authors@R field in DESCRIPTION. Please add one, modifying Authors@R: c(person(given = c("Claudio", "Pozo"), family = "Valenzuela", role = c("aut", "cre"), email = "claudiopozova@gmail.com"), person(given = "Saddys", family = "Rodriguez-Llamazares", role = "aut")) as necessary. Flavors: r-devel-linux-x86_64-debian-clang, r-devel-linux-x86_64-debian-gcc