CRAN Package Check Results for Package dagirlite

Last updated on 2025-10-10 01:49:03 CEST.

Flavor Version Tinstall Tcheck Ttotal Status Flags
r-devel-linux-x86_64-debian-clang 0.1.0 1.56 26.71 28.27 OK
r-devel-linux-x86_64-debian-gcc 0.1.0 1.30 21.38 22.68 OK
r-devel-linux-x86_64-fedora-clang 0.1.0 40.53 NOTE
r-devel-linux-x86_64-fedora-gcc 0.1.0 38.48 NOTE
r-devel-windows-x86_64 0.1.0 4.00 48.00 52.00 OK
r-patched-linux-x86_64 0.1.0 1.75 25.22 26.97 OK
r-release-linux-x86_64 0.1.0 1.70 25.03 26.73 OK
r-release-macos-arm64 0.1.0 20.00 OK
r-release-macos-x86_64 0.1.0 28.00 OK
r-release-windows-x86_64 0.1.0 3.00 49.00 52.00 OK
r-oldrel-macos-arm64 0.1.0 18.00 OK
r-oldrel-macos-x86_64 0.1.0 24.00 OK
r-oldrel-windows-x86_64 0.1.0 4.00 54.00 58.00 OK

Check Details

Version: 0.1.0
Check: dependencies in R code
Result: NOTE Namespace in Imports field not imported from: ‘knitr’ All declared Imports should be used. Flavors: r-devel-linux-x86_64-fedora-clang, r-devel-linux-x86_64-fedora-gcc