CRAN Package Check Results for Package datardis

Last updated on 2025-11-16 01:49:12 CET.

Flavor Version Tinstall Tcheck Ttotal Status Flags
r-devel-linux-x86_64-debian-clang 0.0.5 3.58 36.28 39.86 NOTE
r-devel-linux-x86_64-debian-gcc 0.0.5 2.68 27.58 30.26 NOTE
r-devel-linux-x86_64-fedora-clang 0.0.5 57.88 NOTE
r-devel-linux-x86_64-fedora-gcc 0.0.5 54.66 NOTE
r-devel-windows-x86_64 0.0.5 8.00 51.00 59.00 NOTE
r-patched-linux-x86_64 0.0.5 3.81 32.36 36.17 NOTE
r-release-linux-x86_64 0.0.5 3.71 32.84 36.55 NOTE
r-release-macos-arm64 0.0.5 3.00 24.00 27.00 NOTE
r-release-macos-x86_64 0.0.5 3.00 39.00 42.00 NOTE
r-release-windows-x86_64 0.0.5 5.00 49.00 54.00 NOTE
r-oldrel-macos-arm64 0.0.5 2.00 22.00 24.00 OK
r-oldrel-macos-x86_64 0.0.5 5.00 48.00 53.00 OK
r-oldrel-windows-x86_64 0.0.5 8.00 60.00 68.00 OK

Check Details

Version: 0.0.5
Check: DESCRIPTION meta-information
Result: NOTE Missing dependency on R >= 4.1.0 because package code uses the pipe |> or function shorthand \(...) syntax added in R 4.1.0. File(s) using such syntax: ‘drwho_directors.Rd’ ‘drwho_episodes.Rd’ ‘drwho_writers.Rd’ ‘torchwood_directors.Rd’ ‘torchwood_episodes.Rd’ ‘torchwood_writers.Rd’ Flavors: r-devel-linux-x86_64-debian-clang, r-devel-linux-x86_64-debian-gcc, r-devel-linux-x86_64-fedora-clang, r-devel-linux-x86_64-fedora-gcc, r-devel-windows-x86_64, r-patched-linux-x86_64, r-release-linux-x86_64, r-release-macos-arm64, r-release-macos-x86_64, r-release-windows-x86_64