Last updated on 2024-05-02 01:56:56 CEST.
Flavor | Version | Tinstall | Tcheck | Ttotal | Status | Flags |
---|---|---|---|---|---|---|
r-devel-linux-x86_64-debian-clang | 2.3-2 | 30.07 | 213.23 | 243.30 | OK | |
r-devel-linux-x86_64-debian-gcc | 2.3-2 | 28.06 | 153.82 | 181.88 | OK | |
r-devel-linux-x86_64-fedora-clang | 2.3-2 | 312.29 | OK | |||
r-devel-linux-x86_64-fedora-gcc | 2.3-2 | 282.70 | OK | |||
r-devel-windows-x86_64 | 2.3-2 | 23.00 | 157.00 | 180.00 | NOTE | |
r-patched-linux-x86_64 | 2.3-2 | 31.22 | 202.72 | 233.94 | OK | |
r-release-linux-x86_64 | 2.3-2 | 33.95 | 205.31 | 239.26 | OK | |
r-release-macos-arm64 | 2.3-2 | 68.00 | NOTE | |||
r-release-windows-x86_64 | 2.3-2 | 21.00 | 160.00 | 181.00 | NOTE | |
r-oldrel-macos-arm64 | 2.3-2 | 55.00 | NOTE | |||
r-oldrel-macos-x86_64 | 2.3-2 | 137.00 | NOTE | |||
r-oldrel-windows-x86_64 | 2.3-2 | 27.00 | 195.00 | 222.00 | NOTE |
Version: 2.3-2
Check: package dependencies
Result: NOTE
Package suggested but not available for checking: 'BRugs'
Flavors: r-devel-windows-x86_64, r-release-macos-arm64, r-release-windows-x86_64, r-oldrel-macos-arm64, r-oldrel-macos-x86_64, r-oldrel-windows-x86_64