CRAN Package Check Results for Package docxtractr

Last updated on 2025-11-15 02:52:58 CET.

Flavor Version Tinstall Tcheck Ttotal Status Flags
r-devel-linux-x86_64-debian-clang 0.6.5 3.88 40.02 43.90 OK
r-devel-linux-x86_64-debian-gcc 0.6.5 3.14 28.54 31.68 OK
r-devel-linux-x86_64-fedora-clang 0.6.5 11.00 55.16 66.16 OK
r-devel-linux-x86_64-fedora-gcc 0.6.5 62.65 OK
r-devel-windows-x86_64 0.6.5 8.00 55.00 63.00 OK
r-patched-linux-x86_64 0.6.5 3.96 36.76 40.72 OK
r-release-linux-x86_64 0.6.5 4.05 37.00 41.05 OK
r-release-macos-arm64 0.6.5 2.00 25.00 27.00 OK
r-release-macos-x86_64 0.6.5 4.00 34.00 38.00 OK
r-release-windows-x86_64 0.6.5 6.00 55.00 61.00 OK
r-oldrel-macos-arm64 0.6.5 2.00 23.00 25.00 NOTE
r-oldrel-macos-x86_64 0.6.5 3.00 30.00 33.00 NOTE
r-oldrel-windows-x86_64 0.6.5 11.00 63.00 74.00 NOTE

Check Details

Version: 0.6.5
Check: LazyData
Result: NOTE 'LazyData' is specified without a 'data' directory Flavors: r-oldrel-macos-arm64, r-oldrel-macos-x86_64, r-oldrel-windows-x86_64