Last updated on 2025-11-15 02:52:58 CET.
| Flavor | Version | Tinstall | Tcheck | Ttotal | Status | Flags |
|---|---|---|---|---|---|---|
| r-devel-linux-x86_64-debian-clang | 5.1.3 | 25.40 | 386.98 | 412.38 | NOTE | |
| r-devel-linux-x86_64-debian-gcc | 5.1.3 | 16.26 | 240.21 | 256.47 | NOTE | |
| r-devel-linux-x86_64-fedora-clang | 5.1.3 | 151.00 | 552.87 | 703.87 | NOTE | |
| r-devel-linux-x86_64-fedora-gcc | 5.1.3 | 243.00 | 465.19 | 708.19 | NOTE | |
| r-devel-windows-x86_64 | 5.1.3 | 24.00 | 294.00 | 318.00 | NOTE | |
| r-patched-linux-x86_64 | 5.1.3 | 23.70 | 359.91 | 383.61 | OK | |
| r-release-linux-x86_64 | 5.1.3 | 22.02 | 361.84 | 383.86 | OK | |
| r-release-macos-arm64 | 5.1.3 | 10.00 | 173.00 | 183.00 | OK | |
| r-release-macos-x86_64 | 5.1.3 | 23.00 | 331.00 | 354.00 | OK | |
| r-release-windows-x86_64 | 5.1.3 | 23.00 | 291.00 | 314.00 | OK | |
| r-oldrel-macos-arm64 | 5.1.3 | 11.00 | 149.00 | 160.00 | OK | |
| r-oldrel-macos-x86_64 | 5.1.3 | 33.00 | 318.00 | 351.00 | OK | |
| r-oldrel-windows-x86_64 | 5.1.3 | 33.00 | 397.00 | 430.00 | OK |
Version: 5.1.3
Check: Rd files
Result: NOTE
checkRd: (-1) Downscale-package.Rd:23: height/width attributes should be in pixels
checkRd: (-1) downscale.Rd:77-87: Only 11 columns allowed in this table (row 1 has 10)
checkRd: (-1) downscale.Rd:77-87: Only 11 columns allowed in this table (row 2 has 10)
checkRd: (-1) downscale.Rd:77-87: Only 11 columns allowed in this table (row 3 has 10)
checkRd: (-1) downscale.Rd:77-87: Only 11 columns allowed in this table (row 5 has 10)
checkRd: (-1) downscale.Rd:77-87: Only 11 columns allowed in this table (row 6 has 9)
checkRd: (-1) downscale.Rd:77-87: Only 11 columns allowed in this table (row 7 has 9)
checkRd: (-1) downscale.Rd:77-87: Only 11 columns allowed in this table (row 8 has 10)
checkRd: (-1) downscale.Rd:77-87: Only 11 columns allowed in this table (row 9 has 9)
checkRd: (-1) ensemble.downscale.Rd:61-71: Only 11 columns allowed in this table (row 1 has 10)
checkRd: (-1) ensemble.downscale.Rd:61-71: Only 11 columns allowed in this table (row 2 has 10)
checkRd: (-1) ensemble.downscale.Rd:61-71: Only 11 columns allowed in this table (row 3 has 10)
checkRd: (-1) ensemble.downscale.Rd:61-71: Only 11 columns allowed in this table (row 5 has 10)
checkRd: (-1) ensemble.downscale.Rd:61-71: Only 11 columns allowed in this table (row 6 has 9)
checkRd: (-1) ensemble.downscale.Rd:61-71: Only 11 columns allowed in this table (row 7 has 9)
checkRd: (-1) ensemble.downscale.Rd:61-71: Only 11 columns allowed in this table (row 8 has 10)
checkRd: (-1) ensemble.downscale.Rd:61-71: Only 11 columns allowed in this table (row 9 has 9)
checkRd: (-1) upgrain.Rd:74: height/width attributes should be in pixels
checkRd: (-1) upgrain.threshold.Rd:42: height/width attributes should be in pixels
checkRd: (-1) upgrain.threshold.Rd:80: height/width attributes should be in pixels
Flavors: r-devel-linux-x86_64-debian-clang, r-devel-linux-x86_64-debian-gcc, r-devel-windows-x86_64
Version: 5.1.3
Check: Rd files
Result: NOTE
checkRd: (-1) Downscale-package.Rd:23: height/width attributes should be in pixels
checkRd: (-1) upgrain.Rd:74: height/width attributes should be in pixels
checkRd: (-1) upgrain.threshold.Rd:42: height/width attributes should be in pixels
checkRd: (-1) upgrain.threshold.Rd:80: height/width attributes should be in pixels
Flavors: r-devel-linux-x86_64-fedora-clang, r-devel-linux-x86_64-fedora-gcc