Last updated on 2024-05-21 02:02:00 CEST.
Flavor | Version | Tinstall | Tcheck | Ttotal | Status | Flags |
---|---|---|---|---|---|---|
r-devel-linux-x86_64-debian-clang | 1.0.1 | 16.48 | 147.09 | 163.57 | NOTE | |
r-devel-linux-x86_64-debian-gcc | 1.0.1 | 16.13 | 103.16 | 119.29 | NOTE | |
r-devel-linux-x86_64-fedora-clang | 1.0.1 | 208.32 | NOTE | |||
r-devel-linux-x86_64-fedora-gcc | 1.0.1 | 189.42 | NOTE | |||
r-devel-windows-x86_64 | 1.0.1 | 17.00 | 117.00 | 134.00 | NOTE | |
r-patched-linux-x86_64 | 1.0.1 | 18.96 | 136.12 | 155.08 | NOTE | |
r-release-linux-x86_64 | 1.0.1 | 17.39 | 134.85 | 152.24 | NOTE | |
r-release-macos-arm64 | 1.0.1 | 52.00 | NOTE | |||
r-release-windows-x86_64 | 1.0.1 | 18.00 | 118.00 | 136.00 | NOTE | |
r-oldrel-macos-arm64 | 1.0.1 | 52.00 | OK | |||
r-oldrel-macos-x86_64 | 1.0.1 | 79.00 | OK | |||
r-oldrel-windows-x86_64 | 1.0.1 | 22.00 | 136.00 | 158.00 | OK |
Version: 1.0.1
Check: Rd files
Result: NOTE
checkRd: (-1) excalibur.Rd:18: Lost braces; missing escapes or markup?
18 | \item{\code{GR}}{a numeric vector: germination rates in d^{-1}}
| ^
checkRd: (-1) festuca.Rd:16: Lost braces; missing escapes or markup?
16 | \item{\code{GR}}{a numeric vector: germination rates in d^{-1}}
| ^
Flavors: r-devel-linux-x86_64-debian-clang, r-devel-linux-x86_64-debian-gcc, r-devel-linux-x86_64-fedora-clang, r-devel-linux-x86_64-fedora-gcc, r-devel-windows-x86_64, r-patched-linux-x86_64, r-release-linux-x86_64, r-release-macos-arm64, r-release-windows-x86_64