Last updated on 2024-05-21 02:02:00 CEST.
Flavor | Version | Tinstall | Tcheck | Ttotal | Status | Flags |
---|---|---|---|---|---|---|
r-devel-linux-x86_64-debian-clang | 0.2.0 | 2.23 | 23.28 | 25.51 | OK | |
r-devel-linux-x86_64-debian-gcc | 0.2.0 | 1.57 | 18.24 | 19.81 | OK | |
r-devel-linux-x86_64-fedora-clang | 0.2.0 | 33.41 | NOTE | |||
r-devel-linux-x86_64-fedora-gcc | 0.2.0 | 30.50 | OK | |||
r-devel-windows-x86_64 | 0.2.0 | 2.00 | 44.00 | 46.00 | OK | |
r-patched-linux-x86_64 | 0.2.0 | 2.41 | 22.27 | 24.68 | OK | |
r-release-linux-x86_64 | 0.2.0 | 1.56 | 22.80 | 24.36 | OK | |
r-release-macos-arm64 | 0.2.0 | 16.00 | OK | |||
r-release-windows-x86_64 | 0.2.0 | 2.00 | 44.00 | 46.00 | OK | |
r-oldrel-macos-arm64 | 0.2.0 | 16.00 | OK | |||
r-oldrel-macos-x86_64 | 0.2.0 | 20.00 | OK | |||
r-oldrel-windows-x86_64 | 0.2.0 | 3.00 | 45.00 | 48.00 | OK |
Version: 0.2.0
Check: Rd cross-references
Result: NOTE
Undeclared packages ‘dstat’, ‘sensitivity2x2xk’ in Rd xrefs
Flavor: r-devel-linux-x86_64-fedora-clang