CRAN Package Check Results for Package duawranglr

Last updated on 2025-11-15 02:52:58 CET.

Flavor Version Tinstall Tcheck Ttotal Status Flags
r-devel-linux-x86_64-debian-clang 0.6.7 2.33 33.40 35.73 OK
r-devel-linux-x86_64-debian-gcc 0.6.7 1.76 26.27 28.03 OK
r-devel-linux-x86_64-fedora-clang 0.6.7 55.77 NOTE
r-devel-linux-x86_64-fedora-gcc 0.6.7 68.08 NOTE
r-devel-windows-x86_64 0.6.7 7.00 53.00 60.00 OK
r-patched-linux-x86_64 0.6.7 2.23 31.93 34.16 OK
r-release-linux-x86_64 0.6.7 2.18 32.14 34.32 OK
r-release-macos-arm64 0.6.7 1.00 35.00 36.00 OK
r-release-macos-x86_64 0.6.7 2.00 47.00 49.00 OK
r-release-windows-x86_64 0.6.7 4.00 52.00 56.00 OK
r-oldrel-macos-arm64 0.6.7 1.00 26.00 27.00 OK
r-oldrel-macos-x86_64 0.6.7 2.00 39.00 41.00 OK
r-oldrel-windows-x86_64 0.6.7 5.00 63.00 68.00 OK

Check Details

Version: 0.6.7
Check: dependencies in R code
Result: NOTE Namespaces in Imports field not imported from: ‘digest’ ‘dplyr’ All declared Imports should be used. Flavors: r-devel-linux-x86_64-fedora-clang, r-devel-linux-x86_64-fedora-gcc