CRAN Package Check Results for Package dyndimred

Last updated on 2021-05-09 01:46:50 CEST.

Flavor Version Tinstall Tcheck Ttotal Status Flags
r-devel-linux-x86_64-debian-clang 1.0.4 10.06 157.42 167.48 NOTE
r-devel-linux-x86_64-debian-gcc 1.0.4 8.33 119.74 128.07 NOTE
r-devel-linux-x86_64-fedora-clang 1.0.4 225.45 NOTE
r-devel-linux-x86_64-fedora-gcc 1.0.4 201.16 NOTE
r-devel-windows-ix86+x86_64 1.0.4 23.00 204.00 227.00 NOTE
r-devel-windows-x86_64-gcc10-UCRT 1.0.4 NOTE
r-patched-linux-x86_64 1.0.4 8.69 153.58 162.27 NOTE
r-patched-solaris-x86 1.0.4 397.70 OK
r-release-linux-x86_64 1.0.4 6.57 149.35 155.92 OK
r-release-macos-x86_64 1.0.4 OK
r-release-windows-ix86+x86_64 1.0.4 16.00 159.00 175.00 OK
r-oldrel-macos-x86_64 1.0.4 OK
r-oldrel-windows-ix86+x86_64 1.0.4 21.00 199.00 220.00 OK

Check Details

Version: 1.0.4
Check: LazyData
Result: NOTE
     'LazyData' is specified without a 'data' directory
Flavors: r-devel-linux-x86_64-debian-clang, r-devel-linux-x86_64-debian-gcc, r-devel-linux-x86_64-fedora-clang, r-devel-linux-x86_64-fedora-gcc, r-devel-windows-ix86+x86_64, r-devel-windows-x86_64-gcc10-UCRT, r-patched-linux-x86_64