Last updated on 2025-10-31 01:48:56 CET.
| Flavor | Version | Tinstall | Tcheck | Ttotal | Status | Flags | 
|---|---|---|---|---|---|---|
| r-devel-linux-x86_64-debian-clang | 4.17 | 38.10 | 77.53 | 115.63 | NOTE | |
| r-devel-linux-x86_64-debian-gcc | 4.17 | 25.31 | 57.12 | 82.43 | NOTE | |
| r-devel-linux-x86_64-fedora-clang | 4.17 | 91.00 | 103.83 | 194.83 | OK | |
| r-devel-linux-x86_64-fedora-gcc | 4.17 | 67.00 | 112.64 | 179.64 | OK | |
| r-devel-windows-x86_64 | 4.17 | 45.00 | 102.00 | 147.00 | OK | |
| r-patched-linux-x86_64 | 4.17 | 39.52 | 75.61 | 115.13 | OK | |
| r-release-linux-x86_64 | 4.17 | 38.04 | 75.82 | 113.86 | OK | |
| r-release-macos-arm64 | 4.17 | 16.00 | 38.00 | 54.00 | OK | |
| r-release-macos-x86_64 | 4.17 | 42.00 | 94.00 | 136.00 | OK | |
| r-release-windows-x86_64 | 4.17 | 44.00 | 106.00 | 150.00 | OK | |
| r-oldrel-macos-arm64 | 4.17 | 14.00 | 36.00 | 50.00 | OK | |
| r-oldrel-macos-x86_64 | 4.17 | 19.00 | 52.00 | 71.00 | OK | |
| r-oldrel-windows-x86_64 | 4.17 | 52.00 | 133.00 | 185.00 | OK | 
Version: 4.17
Check: CRAN incoming feasibility
Result: NOTE
  Maintainer: ‘Francisco Rosales <francisco.rosales-marticorena@protonmail.com>’
  
  No Authors@R field in DESCRIPTION.
  Please add one, modifying
    Authors@R: c(person(given = "Francisco",
                        family = "Rosales",
                        role = c("aut", "cre"),
                        email = "francisco.rosales-marticorena@protonmail.com"),
                 person(given = "Tatyana",
                        family = "Krivobokova",
                        role = "aut"),
                 person(given = "Paulo",
                        family = "Serra.",
                        role = "aut"))
  as necessary.
  
  The Description field contains
    and "Klockmann" (2021) <arXiv:1812.06948> for details.
  Please refer to arXiv e-prints via their arXiv DOI <doi:10.48550/arXiv.YYMM.NNNNN>.
Flavors: r-devel-linux-x86_64-debian-clang, r-devel-linux-x86_64-debian-gcc