Last updated on 2025-11-15 03:50:08 CET.
| Flavor | Version | Tinstall | Tcheck | Ttotal | Status | Flags |
|---|---|---|---|---|---|---|
| r-devel-linux-x86_64-debian-clang | 1.2.1 | 3.46 | 42.64 | 46.10 | OK | |
| r-devel-linux-x86_64-debian-gcc | 1.2.1 | 2.74 | 32.47 | 35.21 | OK | |
| r-devel-linux-x86_64-fedora-clang | 1.2.1 | 73.43 | OK | |||
| r-devel-linux-x86_64-fedora-gcc | 1.2.1 | 83.21 | OK | |||
| r-devel-windows-x86_64 | 1.2.1 | 8.00 | 57.00 | 65.00 | OK | |
| r-patched-linux-x86_64 | 1.2.1 | 3.53 | 41.09 | 44.62 | OK | |
| r-release-linux-x86_64 | 1.2.1 | 3.42 | 40.84 | 44.26 | OK | |
| r-release-macos-arm64 | 1.2.1 | 2.00 | 33.00 | 35.00 | OK | |
| r-release-macos-x86_64 | 1.2.1 | 3.00 | 55.00 | 58.00 | OK | |
| r-release-windows-x86_64 | 1.2.1 | 5.00 | 57.00 | 62.00 | OK | |
| r-oldrel-macos-arm64 | 1.2.1 | 2.00 | 28.00 | 30.00 | NOTE | |
| r-oldrel-macos-x86_64 | 1.2.1 | 3.00 | 41.00 | 44.00 | NOTE | |
| r-oldrel-windows-x86_64 | 1.2.1 | 5.00 | 71.00 | 76.00 | NOTE |
Version: 1.2.1
Check: LazyData
Result: NOTE
'LazyData' is specified without a 'data' directory
Flavors: r-oldrel-macos-arm64, r-oldrel-macos-x86_64, r-oldrel-windows-x86_64