Last updated on 2025-10-31 01:48:56 CET.
| Flavor | Version | Tinstall | Tcheck | Ttotal | Status | Flags | 
|---|---|---|---|---|---|---|
| r-devel-linux-x86_64-debian-clang | 1.0.0 | 12.13 | 25.51 | 37.64 | NOTE | |
| r-devel-linux-x86_64-debian-gcc | 1.0.0 | 8.81 | 20.90 | 29.71 | NOTE | |
| r-devel-linux-x86_64-fedora-clang | 1.0.0 | 23.00 | 39.94 | 62.94 | NOTE | |
| r-devel-linux-x86_64-fedora-gcc | 1.0.0 | 28.00 | 30.06 | 58.06 | NOTE | |
| r-devel-windows-x86_64 | 1.0.0 | 15.00 | 61.00 | 76.00 | NOTE | |
| r-patched-linux-x86_64 | 1.0.0 | 11.92 | 24.06 | 35.98 | NOTE | |
| r-release-linux-x86_64 | 1.0.0 | 12.02 | 24.33 | 36.35 | NOTE | |
| r-release-macos-arm64 | 1.0.0 | 8.00 | 17.00 | 25.00 | NOTE | |
| r-release-macos-x86_64 | 1.0.0 | 16.00 | 42.00 | 58.00 | NOTE | |
| r-release-windows-x86_64 | 1.0.0 | 17.00 | 67.00 | 84.00 | NOTE | |
| r-oldrel-macos-arm64 | 1.0.0 | 8.00 | 18.00 | 26.00 | NOTE | |
| r-oldrel-macos-x86_64 | 1.0.0 | 9.00 | 27.00 | 36.00 | NOTE | |
| r-oldrel-windows-x86_64 | 1.0.0 | 17.00 | 73.00 | 90.00 | NOTE | 
Version: 1.0.0
Check: C++ specification
Result: NOTE
    Specified C++11: please drop specification unless essential
Flavors: r-devel-linux-x86_64-debian-clang, r-devel-linux-x86_64-debian-gcc, r-devel-linux-x86_64-fedora-clang, r-devel-linux-x86_64-fedora-gcc, r-devel-windows-x86_64, r-patched-linux-x86_64, r-release-linux-x86_64, r-release-macos-arm64, r-release-macos-x86_64, r-release-windows-x86_64, r-oldrel-macos-arm64, r-oldrel-macos-x86_64, r-oldrel-windows-x86_64
Version: 1.0.0
Check: LazyData
Result: NOTE
    'LazyData' is specified without a 'data' directory
Flavors: r-oldrel-macos-arm64, r-oldrel-macos-x86_64, r-oldrel-windows-x86_64