Last updated on 2024-05-02 01:56:57 CEST.
Flavor | Version | Tinstall | Tcheck | Ttotal | Status | Flags |
---|---|---|---|---|---|---|
r-devel-linux-x86_64-debian-clang | 0.5.1 | 5.59 | 86.93 | 92.52 | NOTE | |
r-devel-linux-x86_64-debian-gcc | 0.5.1 | 3.34 | 63.04 | 66.38 | NOTE | |
r-devel-linux-x86_64-fedora-clang | 0.5.1 | 111.64 | NOTE | |||
r-devel-linux-x86_64-fedora-gcc | 0.5.1 | 119.16 | NOTE | |||
r-devel-windows-x86_64 | 0.5.1 | 7.00 | 93.00 | 100.00 | NOTE | |
r-patched-linux-x86_64 | 0.5.1 | 5.84 | 82.14 | 87.98 | NOTE | |
r-release-linux-x86_64 | 0.5.1 | 5.94 | 82.50 | 88.44 | NOTE | |
r-release-macos-arm64 | 0.5.1 | 43.00 | NOTE | |||
r-release-windows-x86_64 | 0.5.1 | 6.00 | 86.00 | 92.00 | NOTE | |
r-oldrel-macos-arm64 | 0.5.1 | 44.00 | NOTE | |||
r-oldrel-macos-x86_64 | 0.5.1 | 68.00 | NOTE | |||
r-oldrel-windows-x86_64 | 0.5.1 | 8.00 | 97.00 | 105.00 | NOTE |
Version: 0.5.1
Check: LazyData
Result: NOTE
'LazyData' is specified without a 'data' directory
Flavors: r-devel-linux-x86_64-debian-clang, r-devel-linux-x86_64-debian-gcc, r-devel-linux-x86_64-fedora-clang, r-devel-linux-x86_64-fedora-gcc, r-devel-windows-x86_64, r-patched-linux-x86_64, r-release-linux-x86_64, r-release-macos-arm64, r-release-windows-x86_64, r-oldrel-macos-arm64, r-oldrel-macos-x86_64, r-oldrel-windows-x86_64