Last updated on 2025-11-16 01:49:14 CET.
| Flavor | Version | Tinstall | Tcheck | Ttotal | Status | Flags |
|---|---|---|---|---|---|---|
| r-devel-linux-x86_64-debian-clang | 0.1.0 | 2.15 | 26.60 | 28.75 | OK | |
| r-devel-linux-x86_64-debian-gcc | 0.1.0 | 1.58 | 21.81 | 23.39 | OK | |
| r-devel-linux-x86_64-fedora-clang | 0.1.0 | 39.91 | OK | |||
| r-devel-linux-x86_64-fedora-gcc | 0.1.0 | 38.66 | OK | |||
| r-devel-windows-x86_64 | 0.1.0 | 6.00 | 43.00 | 49.00 | OK | |
| r-patched-linux-x86_64 | 0.1.0 | 2.06 | 23.90 | 25.96 | OK | |
| r-release-linux-x86_64 | 0.1.0 | 2.07 | 23.76 | 25.83 | OK | |
| r-release-macos-arm64 | 0.1.0 | 1.00 | 20.00 | 21.00 | OK | |
| r-release-macos-x86_64 | 0.1.0 | 2.00 | 33.00 | 35.00 | OK | |
| r-release-windows-x86_64 | 0.1.0 | 3.00 | 42.00 | 45.00 | OK | |
| r-oldrel-macos-arm64 | 0.1.0 | 1.00 | 16.00 | 17.00 | NOTE | |
| r-oldrel-macos-x86_64 | 0.1.0 | 2.00 | 23.00 | 25.00 | NOTE | |
| r-oldrel-windows-x86_64 | 0.1.0 | 5.00 | 49.00 | 54.00 | NOTE |
Version: 0.1.0
Check: LazyData
Result: NOTE
'LazyData' is specified without a 'data' directory
Flavors: r-oldrel-macos-arm64, r-oldrel-macos-x86_64, r-oldrel-windows-x86_64