Last updated on 2024-05-21 02:02:01 CEST.
Flavor | Version | Tinstall | Tcheck | Ttotal | Status | Flags |
---|---|---|---|---|---|---|
r-devel-linux-x86_64-debian-clang | 1.1 | 13.14 | 105.06 | 118.20 | NOTE | |
r-devel-linux-x86_64-debian-gcc | 1.1 | 9.12 | 77.45 | 86.57 | NOTE | |
r-devel-linux-x86_64-fedora-clang | 1.1 | 148.41 | NOTE | |||
r-devel-linux-x86_64-fedora-gcc | 1.1 | 137.45 | NOTE | |||
r-devel-windows-x86_64 | 1.1 | 12.00 | 94.00 | 106.00 | OK | |
r-patched-linux-x86_64 | 1.1 | 13.22 | 99.51 | 112.73 | NOTE | |
r-release-linux-x86_64 | 1.1 | 10.32 | 100.92 | 111.24 | NOTE | |
r-release-macos-arm64 | 1.1 | 43.00 | OK | |||
r-release-windows-x86_64 | 1.1 | 13.00 | 95.00 | 108.00 | OK | |
r-oldrel-macos-arm64 | 1.1 | 45.00 | OK | |||
r-oldrel-macos-x86_64 | 1.1 | 73.00 | OK | |||
r-oldrel-windows-x86_64 | 1.1 | 15.00 | 111.00 | 126.00 | OK |
Version: 1.1
Check: for non-standard things in the check directory
Result: NOTE
Found the following files/directories:
‘sample .nwk’
Flavors: r-devel-linux-x86_64-debian-clang, r-devel-linux-x86_64-debian-gcc, r-devel-linux-x86_64-fedora-clang, r-devel-linux-x86_64-fedora-gcc, r-patched-linux-x86_64, r-release-linux-x86_64