CRAN Package Check Results for Package exifr

Last updated on 2025-11-15 03:50:09 CET.

Flavor Version Tinstall Tcheck Ttotal Status Flags
r-devel-linux-x86_64-debian-clang 0.3.2 2.64 55.23 57.87 OK
r-devel-linux-x86_64-debian-gcc 0.3.2 1.90 40.35 42.25 OK
r-devel-linux-x86_64-fedora-clang 0.3.2 96.48 OK
r-devel-linux-x86_64-fedora-gcc 0.3.2 93.02 OK
r-devel-windows-x86_64 0.3.2 12.00 80.00 92.00 OK
r-patched-linux-x86_64 0.3.2 2.67 52.83 55.50 OK
r-release-linux-x86_64 0.3.2 2.53 52.10 54.63 OK
r-release-macos-arm64 0.3.2 8.00 39.00 47.00 OK
r-release-macos-x86_64 0.3.2 4.00 55.00 59.00 OK
r-release-windows-x86_64 0.3.2 8.00 80.00 88.00 OK
r-oldrel-macos-arm64 0.3.2 3.00 31.00 34.00 NOTE
r-oldrel-macos-x86_64 0.3.2 6.00 45.00 51.00 NOTE
r-oldrel-windows-x86_64 0.3.2 11.00 99.00 110.00 NOTE

Check Details

Version: 0.3.2
Check: installed package size
Result: NOTE installed size is 14.1Mb sub-directories of 1Mb or more: exiftool 14.0Mb Flavors: r-oldrel-macos-arm64, r-oldrel-macos-x86_64, r-oldrel-windows-x86_64

Version: 0.3.2
Check: LazyData
Result: NOTE 'LazyData' is specified without a 'data' directory Flavors: r-oldrel-macos-arm64, r-oldrel-macos-x86_64, r-oldrel-windows-x86_64