Last updated on 2024-05-21 02:02:01 CEST.
Flavor | Version | Tinstall | Tcheck | Ttotal | Status | Flags |
---|---|---|---|---|---|---|
r-devel-linux-x86_64-debian-clang | 0.2.1 | 11.13 | 508.16 | 519.29 | OK | |
r-devel-linux-x86_64-debian-gcc | 0.2.1 | 8.61 | 359.62 | 368.23 | OK | |
r-devel-linux-x86_64-fedora-clang | 0.2.1 | 615.79 | NOTE | |||
r-devel-linux-x86_64-fedora-gcc | 0.2.1 | 592.90 | NOTE | |||
r-devel-windows-x86_64 | 0.2.1 | 10.00 | 318.00 | 328.00 | NOTE | |
r-patched-linux-x86_64 | 0.2.1 | 7.09 | 473.16 | 480.25 | OK | |
r-release-linux-x86_64 | 0.2.1 | 6.62 | 470.92 | 477.54 | OK | |
r-release-macos-arm64 | 0.2.1 | 165.00 | OK | |||
r-release-windows-x86_64 | 0.2.1 | 10.00 | 315.00 | 325.00 | NOTE | |
r-oldrel-macos-arm64 | 0.2.1 | 171.00 | OK | |||
r-oldrel-macos-x86_64 | 0.2.1 | 493.00 | OK | |||
r-oldrel-windows-x86_64 | 0.2.1 | 13.00 | 443.00 | 456.00 | NOTE |
Version: 0.2.1
Check: dependencies in R code
Result: NOTE
Namespace in Imports field not imported from: ‘rlang’
All declared Imports should be used.
Flavors: r-devel-linux-x86_64-fedora-clang, r-devel-linux-x86_64-fedora-gcc
Version: 0.2.1
Check: package dependencies
Result: NOTE
Package suggested but not available for checking: 'doMC'
Flavors: r-devel-windows-x86_64, r-release-windows-x86_64, r-oldrel-windows-x86_64