Last updated on 2025-11-15 03:50:11 CET.
| Flavor | Version | Tinstall | Tcheck | Ttotal | Status | Flags |
|---|---|---|---|---|---|---|
| r-devel-linux-x86_64-debian-clang | 1.3.0 | 13.87 | 43.52 | 57.39 | NOTE | |
| r-devel-linux-x86_64-debian-gcc | 1.3.0 | 9.58 | 32.30 | 41.88 | NOTE | |
| r-devel-linux-x86_64-fedora-clang | 1.3.0 | 52.00 | 45.86 | 97.86 | OK | |
| r-devel-linux-x86_64-fedora-gcc | 1.3.0 | 33.00 | 72.95 | 105.95 | OK | |
| r-devel-windows-x86_64 | 1.3.0 | 19.00 | 83.00 | 102.00 | OK | |
| r-patched-linux-x86_64 | 1.3.0 | 13.20 | 42.66 | 55.86 | OK | |
| r-release-linux-x86_64 | 1.3.0 | 13.03 | 42.17 | 55.20 | OK | |
| r-release-macos-arm64 | 1.3.0 | 6.00 | 5.00 | 11.00 | ERROR | |
| r-release-macos-x86_64 | 1.3.0 | 23.00 | 63.00 | 86.00 | OK | |
| r-release-windows-x86_64 | 1.3.0 | 15.00 | 79.00 | 94.00 | OK | |
| r-oldrel-macos-arm64 | 1.3.0 | 6.00 | 10.00 | 16.00 | ERROR | |
| r-oldrel-macos-x86_64 | 1.3.0 | 31.00 | 76.00 | 107.00 | OK | |
| r-oldrel-windows-x86_64 | 1.3.0 | 17.00 | 96.00 | 113.00 | OK |
Version: 1.3.0
Check: CRAN incoming feasibility
Result: NOTE
Maintainer: ‘Lijun Wang <szcfweiya@gmail.com>’
No Authors@R field in DESCRIPTION.
Please add one, modifying
Authors@R: person(given = "Lijun",
family = "Wang",
role = c("aut", "cre", "cph"),
email = "szcfweiya@gmail.com")
as necessary.
Flavors: r-devel-linux-x86_64-debian-clang, r-devel-linux-x86_64-debian-gcc
Version: 1.3.0
Check: whether package can be installed
Result: ERROR
Installation failed.
Flavors: r-release-macos-arm64, r-oldrel-macos-arm64