Last updated on 2025-11-15 03:50:10 CET.
| Flavor | Version | Tinstall | Tcheck | Ttotal | Status | Flags |
|---|---|---|---|---|---|---|
| r-devel-linux-x86_64-debian-clang | 0.1.0 | 8.97 | 135.37 | 144.34 | OK | |
| r-devel-linux-x86_64-debian-gcc | 0.1.0 | 6.53 | 96.42 | 102.95 | OK | |
| r-devel-linux-x86_64-fedora-clang | 0.1.0 | 26.00 | 203.94 | 229.94 | OK | |
| r-devel-linux-x86_64-fedora-gcc | 0.1.0 | 40.00 | 195.13 | 235.13 | OK | |
| r-devel-windows-x86_64 | 0.1.0 | 11.00 | 137.00 | 148.00 | OK | |
| r-patched-linux-x86_64 | 0.1.0 | 9.73 | 127.65 | 137.38 | OK | |
| r-release-linux-x86_64 | 0.1.0 | 7.87 | 128.77 | 136.64 | OK | |
| r-release-macos-arm64 | 0.1.0 | 4.00 | 54.00 | 58.00 | OK | |
| r-release-macos-x86_64 | 0.1.0 | 6.00 | 116.00 | 122.00 | OK | |
| r-release-windows-x86_64 | 0.1.0 | 10.00 | 135.00 | 145.00 | OK | |
| r-oldrel-macos-arm64 | 0.1.0 | 3.00 | 52.00 | 55.00 | NOTE | |
| r-oldrel-macos-x86_64 | 0.1.0 | 5.00 | 79.00 | 84.00 | NOTE | |
| r-oldrel-windows-x86_64 | 0.1.0 | 14.00 | 173.00 | 187.00 | NOTE |
Version: 0.1.0
Check: LazyData
Result: NOTE
'LazyData' is specified without a 'data' directory
Flavors: r-oldrel-macos-arm64, r-oldrel-macos-x86_64, r-oldrel-windows-x86_64