Last updated on 2025-11-21 02:50:21 CET.
| Flavor | Version | Tinstall | Tcheck | Ttotal | Status | Flags |
|---|---|---|---|---|---|---|
| r-devel-linux-x86_64-debian-clang | 1.0.1 | 2.49 | 36.27 | 38.76 | NOTE | |
| r-devel-linux-x86_64-debian-gcc | 1.0.1 | 1.85 | 26.34 | 28.19 | NOTE | |
| r-devel-linux-x86_64-fedora-clang | 1.0.1 | 59.12 | OK | |||
| r-devel-linux-x86_64-fedora-gcc | 1.0.1 | 56.93 | OK | |||
| r-devel-windows-x86_64 | 1.0.1 | 5.00 | 53.00 | 58.00 | OK | |
| r-patched-linux-x86_64 | 1.0.1 | 3.26 | 34.19 | 37.45 | OK | |
| r-release-linux-x86_64 | 1.0.1 | 2.74 | 34.40 | 37.14 | OK | |
| r-release-macos-arm64 | 1.0.1 | OK | ||||
| r-release-macos-x86_64 | 1.0.1 | 2.00 | 37.00 | 39.00 | OK | |
| r-release-windows-x86_64 | 1.0.1 | 4.00 | 52.00 | 56.00 | OK | |
| r-oldrel-macos-arm64 | 1.0.1 | OK | ||||
| r-oldrel-macos-x86_64 | 1.0.1 | 2.00 | 29.00 | 31.00 | OK | |
| r-oldrel-windows-x86_64 | 1.0.1 | 6.00 | 64.00 | 70.00 | OK |
Version: 1.0.1
Check: CRAN incoming feasibility
Result: NOTE
Maintainer: ‘Peter W. MacDonald <pwmacdon@umich.edu>’
The Description field contains
Zhu and Levina (2022+) <arXiv:2210.07491>.
Please refer to arXiv e-prints via their arXiv DOI <doi:10.48550/arXiv.YYMM.NNNNN>.
Flavors: r-devel-linux-x86_64-debian-clang, r-devel-linux-x86_64-debian-gcc