CRAN Package Check Results for Package fastNaiveBayes

Last updated on 2025-07-24 02:52:12 CEST.

Flavor Version Tinstall Tcheck Ttotal Status Flags
r-devel-linux-x86_64-debian-clang 2.2.1 12.75 86.07 98.82 NOTE
r-devel-linux-x86_64-debian-gcc 2.2.1 9.68 64.92 74.60 NOTE
r-devel-linux-x86_64-fedora-clang 2.2.1 150.51 OK
r-devel-linux-x86_64-fedora-gcc 2.2.1 173.48 OK
r-devel-windows-x86_64 2.2.1 16.00 99.00 115.00 OK
r-patched-linux-x86_64 2.2.1 14.62 80.90 95.52 OK
r-release-linux-x86_64 2.2.1 11.53 80.89 92.42 OK
r-release-macos-arm64 2.2.1 64.00 OK
r-release-macos-x86_64 2.2.1 117.00 OK
r-release-windows-x86_64 2.2.1 14.00 100.00 114.00 OK
r-oldrel-macos-arm64 2.2.1 53.00 OK
r-oldrel-macos-x86_64 2.2.1 81.00 OK
r-oldrel-windows-x86_64 2.2.1 20.00 125.00 145.00 OK

Check Details

Version: 2.2.1
Check: CRAN incoming feasibility
Result: NOTE Maintainer: ‘Martin Skogholt <m.skogholt@gmail.com>’ No Authors@R field in DESCRIPTION. Please add one, modifying Authors@R: person(given = "Martin", family = "Skogholt", role = c("aut", "cre"), email = "m.skogholt@gmail.com") as necessary. Flavors: r-devel-linux-x86_64-debian-clang, r-devel-linux-x86_64-debian-gcc