Last updated on 2024-05-09 01:55:54 CEST.
Flavor | Version | Tinstall | Tcheck | Ttotal | Status | Flags |
---|---|---|---|---|---|---|
r-devel-linux-x86_64-debian-clang | 0.4.0 | 14.56 | 89.18 | 103.74 | NOTE | |
r-devel-linux-x86_64-debian-gcc | 0.4.0 | 9.62 | 64.80 | 74.42 | NOTE | |
r-devel-linux-x86_64-fedora-clang | 0.4.0 | 129.07 | NOTE | |||
r-devel-linux-x86_64-fedora-gcc | 0.4.0 | 169.84 | NOTE | |||
r-devel-windows-x86_64 | 0.4.0 | 12.00 | 87.00 | 99.00 | NOTE | |
r-patched-linux-x86_64 | 0.4.0 | 14.74 | 81.77 | 96.51 | NOTE | |
r-release-linux-x86_64 | 0.4.0 | 9.34 | 83.26 | 92.60 | NOTE | |
r-release-macos-arm64 | 0.4.0 | 34.00 | NOTE | |||
r-release-windows-x86_64 | 0.4.0 | 11.00 | 86.00 | 97.00 | NOTE | |
r-oldrel-macos-arm64 | 0.4.0 | 34.00 | OK | |||
r-oldrel-macos-x86_64 | 0.4.0 | 50.00 | OK | |||
r-oldrel-windows-x86_64 | 0.4.0 | 15.00 | 98.00 | 113.00 | OK |
Version: 0.4.0
Check: Rd files
Result: NOTE
checkRd: (-1) update_nhl_db.Rd:51-53: Lost braces in \itemize; meant \describe ?
checkRd: (-1) update_nhl_db.Rd:54-57: Lost braces in \itemize; meant \describe ?
checkRd: (-1) update_phf_db.Rd:51-53: Lost braces in \itemize; meant \describe ?
checkRd: (-1) update_phf_db.Rd:54-57: Lost braces in \itemize; meant \describe ?
Flavors: r-devel-linux-x86_64-debian-clang, r-devel-linux-x86_64-debian-gcc, r-devel-linux-x86_64-fedora-clang, r-devel-linux-x86_64-fedora-gcc, r-devel-windows-x86_64, r-patched-linux-x86_64, r-release-linux-x86_64, r-release-macos-arm64, r-release-windows-x86_64