Last updated on 2024-05-21 02:02:01 CEST.
Flavor | Version | Tinstall | Tcheck | Ttotal | Status | Flags |
---|---|---|---|---|---|---|
r-devel-linux-x86_64-debian-clang | 0.6-4 | 3.52 | 22.32 | 25.84 | OK | |
r-devel-linux-x86_64-debian-gcc | 0.6-4 | 2.69 | 17.30 | 19.99 | OK | |
r-devel-linux-x86_64-fedora-clang | 0.6-4 | 32.58 | NOTE | |||
r-devel-linux-x86_64-fedora-gcc | 0.6-4 | 31.84 | NOTE | |||
r-devel-windows-x86_64 | 0.6-4 | 5.00 | 40.00 | 45.00 | OK | |
r-patched-linux-x86_64 | 0.6-4 | 3.25 | 21.46 | 24.71 | OK | |
r-release-linux-x86_64 | 0.6-4 | 3.05 | 21.57 | 24.62 | OK | |
r-release-macos-arm64 | 0.6-4 | 17.00 | OK | |||
r-release-macos-x86_64 | 0.6-4 | 35.00 | OK | |||
r-release-windows-x86_64 | 0.6-4 | 6.00 | 39.00 | 45.00 | OK | |
r-oldrel-macos-arm64 | 0.6-4 | 20.00 | OK | |||
r-oldrel-macos-x86_64 | 0.6-4 | 35.00 | OK | |||
r-oldrel-windows-x86_64 | 0.6-4 | 8.00 | 43.00 | 51.00 | OK |
Version: 0.6-4
Check: compiled code
Result: NOTE
File ‘fastdigest/libs/fastdigest.so’:
Found no call to: ‘R_useDynamicSymbols’
It is good practice to register native routines and to disable symbol
search.
See ‘Writing portable packages’ in the ‘Writing R Extensions’ manual.
Flavors: r-devel-linux-x86_64-fedora-clang, r-devel-linux-x86_64-fedora-gcc