Last updated on 2025-10-31 01:48:57 CET.
| Flavor | Version | Tinstall | Tcheck | Ttotal | Status | Flags | 
|---|---|---|---|---|---|---|
| r-devel-linux-x86_64-debian-clang | 1.1.2 | 37.77 | 27.51 | 65.28 | WARN | |
| r-devel-linux-x86_64-debian-gcc | 1.1.2 | 19.88 | 21.77 | 41.65 | WARN | |
| r-devel-linux-x86_64-fedora-clang | 1.1.2 | 54.00 | 64.16 | 118.16 | NOTE | |
| r-devel-linux-x86_64-fedora-gcc | 1.1.2 | 54.00 | 47.08 | 101.08 | NOTE | |
| r-devel-windows-x86_64 | 1.1.2 | 45.00 | 71.00 | 116.00 | NOTE | |
| r-patched-linux-x86_64 | 1.1.2 | 35.42 | 26.01 | 61.43 | NOTE | |
| r-release-linux-x86_64 | 1.1.2 | 36.06 | 26.15 | 62.21 | NOTE | |
| r-release-macos-arm64 | 1.1.2 | 14.00 | 20.00 | 34.00 | NOTE | |
| r-release-macos-x86_64 | 1.1.2 | 18.00 | 33.00 | 51.00 | NOTE | |
| r-release-windows-x86_64 | 1.1.2 | 44.00 | 68.00 | 112.00 | NOTE | |
| r-oldrel-macos-arm64 | 1.1.2 | 14.00 | 16.00 | 30.00 | NOTE | |
| r-oldrel-macos-x86_64 | 1.1.2 | 15.00 | 25.00 | 40.00 | NOTE | |
| r-oldrel-windows-x86_64 | 1.1.2 | 52.00 | 82.00 | 134.00 | NOTE | 
Version: 1.1.2
Check: whether package can be installed
Result: WARN
  Found the following significant warnings:
    /home/hornik/tmp/R.check/r-devel-clang/Work/build/Packages/RcppArmadillo/include/RcppArmadillo/version/arma.h:66:17: warning: Using fallback compilation with Armadillo 14.6.3. Please consider defining -DARMA_USE_CURRENT and also removing C++11 compilation directive. See GitHub issue #475 for more. [-W#pragma-messages]
  See ‘/home/hornik/tmp/R.check/r-devel-clang/Work/PKGS/fasterElasticNet.Rcheck/00install.out’ for details.
  * used C++ compiler: ‘Debian clang version 19.1.7 (7)’
Flavor: r-devel-linux-x86_64-debian-clang
Version: 1.1.2
Check: C++ specification
Result: NOTE
    Specified C++11: please drop specification unless essential
Flavors: r-devel-linux-x86_64-debian-clang, r-devel-linux-x86_64-debian-gcc, r-devel-linux-x86_64-fedora-clang, r-devel-linux-x86_64-fedora-gcc, r-devel-windows-x86_64, r-patched-linux-x86_64, r-release-linux-x86_64, r-release-macos-arm64, r-release-macos-x86_64, r-release-windows-x86_64, r-oldrel-macos-arm64, r-oldrel-macos-x86_64, r-oldrel-windows-x86_64
Version: 1.1.2
Check: whether package can be installed
Result: WARN
  Found the following significant warnings:
    /home/hornik/tmp/R.check/r-devel-gcc/Work/build/Packages/RcppArmadillo/include/RcppArmadillo/version/arma.h:66:199: note: ‘#pragma message: Using fallback compilation with Armadillo 14.6.3. Please consider defining -DARMA_USE_CURRENT and also removing C++11 compilation directive. See GitHub issue #475 for more.’
  See ‘/home/hornik/tmp/R.check/r-devel-gcc/Work/PKGS/fasterElasticNet.Rcheck/00install.out’ for details.
  * used C++ compiler: ‘g++-15 (Debian 15.2.0-4) 15.2.0’
Flavor: r-devel-linux-x86_64-debian-gcc
Version: 1.1.2
Check: installed package size
Result: NOTE
    installed size is  5.6Mb
    sub-directories of 1Mb or more:
      data   3.1Mb
      libs   2.5Mb
Flavors: r-oldrel-macos-arm64, r-oldrel-macos-x86_64