Last updated on 2025-10-31 01:48:57 CET.
| Flavor | Version | Tinstall | Tcheck | Ttotal | Status | Flags | 
|---|---|---|---|---|---|---|
| r-devel-linux-x86_64-debian-clang | 0.4.1 | 45.60 | 74.11 | 119.71 | NOTE | |
| r-devel-linux-x86_64-debian-gcc | 0.4.1 | 32.17 | 50.00 | 82.17 | NOTE | |
| r-devel-linux-x86_64-fedora-clang | 0.4.1 | 135.00 | 74.82 | 209.82 | NOTE | |
| r-devel-linux-x86_64-fedora-gcc | 0.4.1 | 89.00 | 105.76 | 194.76 | NOTE | |
| r-devel-windows-x86_64 | 0.4.1 | 56.00 | 103.00 | 159.00 | NOTE | |
| r-patched-linux-x86_64 | 0.4.1 | 48.28 | 69.02 | 117.30 | NOTE | |
| r-release-linux-x86_64 | 0.4.1 | 47.45 | 69.30 | 116.75 | NOTE | |
| r-release-macos-arm64 | 0.4.1 | 18.00 | 35.00 | 53.00 | NOTE | |
| r-release-macos-x86_64 | 0.4.1 | 17.00 | 63.00 | 80.00 | NOTE | |
| r-release-windows-x86_64 | 0.4.1 | 57.00 | 105.00 | 162.00 | NOTE | |
| r-oldrel-macos-arm64 | 0.4.1 | 20.00 | 26.00 | 46.00 | NOTE | |
| r-oldrel-macos-x86_64 | 0.4.1 | 18.00 | 46.00 | 64.00 | NOTE | |
| r-oldrel-windows-x86_64 | 0.4.1 | 69.00 | 135.00 | 204.00 | NOTE | 
Version: 0.4.1
Check: Rd files
Result: NOTE
  checkRd: (-1) plot.fbroc.conf.Rd:5: Lost braces
       5 | \title{Plots function for object of class{fbroc.conf}}
         |                                          ^
Flavors: r-devel-linux-x86_64-debian-clang, r-devel-linux-x86_64-debian-gcc, r-devel-linux-x86_64-fedora-clang, r-devel-linux-x86_64-fedora-gcc, r-devel-windows-x86_64, r-patched-linux-x86_64, r-release-linux-x86_64, r-release-macos-arm64, r-release-macos-x86_64, r-release-windows-x86_64, r-oldrel-macos-arm64, r-oldrel-macos-x86_64, r-oldrel-windows-x86_64