Last updated on 2025-10-31 01:48:57 CET.
| Flavor | Version | Tinstall | Tcheck | Ttotal | Status | Flags | 
|---|---|---|---|---|---|---|
| r-devel-linux-x86_64-debian-clang | 1.0.0 | 17.55 | 64.20 | 81.75 | WARN | |
| r-devel-linux-x86_64-debian-gcc | 1.0.0 | 9.71 | 44.47 | 54.18 | WARN | |
| r-devel-linux-x86_64-fedora-clang | 1.0.0 | 93.00 | 57.12 | 150.12 | NOTE | |
| r-devel-linux-x86_64-fedora-gcc | 1.0.0 | 38.00 | 102.17 | 140.17 | NOTE | |
| r-devel-windows-x86_64 | 1.0.0 | 22.00 | 92.00 | 114.00 | NOTE | |
| r-patched-linux-x86_64 | 1.0.0 | 15.33 | 60.35 | 75.68 | NOTE | |
| r-release-linux-x86_64 | 1.0.0 | 16.68 | 60.34 | 77.02 | NOTE | |
| r-release-macos-arm64 | 1.0.0 | 7.00 | 42.00 | 49.00 | NOTE | |
| r-release-macos-x86_64 | 1.0.0 | 12.00 | 79.00 | 91.00 | NOTE | |
| r-release-windows-x86_64 | 1.0.0 | 24.00 | 93.00 | 117.00 | NOTE | |
| r-oldrel-macos-arm64 | 1.0.0 | 8.00 | 33.00 | 41.00 | NOTE | |
| r-oldrel-macos-x86_64 | 1.0.0 | 10.00 | 55.00 | 65.00 | NOTE | |
| r-oldrel-windows-x86_64 | 1.0.0 | 28.00 | 116.00 | 144.00 | NOTE | 
Version: 1.0.0
Check: CRAN incoming feasibility
Result: NOTE
  Maintainer: ‘Jan Greve <jan.greve@wu.ac.at>’
  
  The Description field contains
    (2020) <arXiv:2005.09918>). For methodological details, please refer to
    <arXiv:2012.12337>) as well as the package vignette.
  Please refer to arXiv e-prints via their arXiv DOI <doi:10.48550/arXiv.YYMM.NNNNN>.
Flavors: r-devel-linux-x86_64-debian-clang, r-devel-linux-x86_64-debian-gcc
Version: 1.0.0
Check: whether package can be installed
Result: WARN
  Found the following significant warnings:
    /home/hornik/tmp/R.check/r-devel-clang/Work/build/Packages/RcppArmadillo/include/RcppArmadillo/version/arma.h:66:17: warning: Using fallback compilation with Armadillo 14.6.3. Please consider defining -DARMA_USE_CURRENT and also removing C++11 compilation directive. See GitHub issue #475 for more. [-W#pragma-messages]
  See ‘/home/hornik/tmp/R.check/r-devel-clang/Work/PKGS/fipp.Rcheck/00install.out’ for details.
  * used C++ compiler: ‘Debian clang version 19.1.7 (7)’
Flavor: r-devel-linux-x86_64-debian-clang
Version: 1.0.0
Check: C++ specification
Result: NOTE
    Specified C++11: please drop specification unless essential
Flavors: r-devel-linux-x86_64-debian-clang, r-devel-linux-x86_64-debian-gcc, r-devel-linux-x86_64-fedora-clang, r-devel-linux-x86_64-fedora-gcc, r-devel-windows-x86_64, r-patched-linux-x86_64, r-release-linux-x86_64, r-release-macos-arm64, r-release-macos-x86_64, r-release-windows-x86_64, r-oldrel-macos-arm64, r-oldrel-macos-x86_64, r-oldrel-windows-x86_64
Version: 1.0.0
Check: whether package can be installed
Result: WARN
  Found the following significant warnings:
    /home/hornik/tmp/R.check/r-devel-gcc/Work/build/Packages/RcppArmadillo/include/RcppArmadillo/version/arma.h:66:199: note: ‘#pragma message: Using fallback compilation with Armadillo 14.6.3. Please consider defining -DARMA_USE_CURRENT and also removing C++11 compilation directive. See GitHub issue #475 for more.’
  See ‘/home/hornik/tmp/R.check/r-devel-gcc/Work/PKGS/fipp.Rcheck/00install.out’ for details.
  * used C++ compiler: ‘g++-15 (Debian 15.2.0-4) 15.2.0’
Flavor: r-devel-linux-x86_64-debian-gcc
Version: 1.0.0
Check: LazyData
Result: NOTE
    'LazyData' is specified without a 'data' directory
Flavors: r-oldrel-macos-arm64, r-oldrel-macos-x86_64, r-oldrel-windows-x86_64