Last updated on 2025-10-09 02:51:42 CEST.
Flavor | Version | Tinstall | Tcheck | Ttotal | Status | Flags |
---|---|---|---|---|---|---|
r-devel-linux-x86_64-debian-clang | 1.2-4 | 17.31 | 522.00 | 539.31 | OK | |
r-devel-linux-x86_64-debian-gcc | 1.2-4 | 12.32 | 349.60 | 361.92 | ERROR | |
r-devel-linux-x86_64-fedora-clang | 1.2-4 | 884.62 | OK | |||
r-devel-linux-x86_64-fedora-gcc | 1.2-4 | 939.40 | OK | |||
r-devel-windows-x86_64 | 1.2-4 | 19.00 | 560.00 | 579.00 | OK | |
r-patched-linux-x86_64 | 1.2-4 | 18.31 | 500.32 | 518.63 | OK | |
r-release-linux-x86_64 | 1.2-4 | 14.21 | 511.77 | 525.98 | OK | |
r-release-macos-arm64 | 1.2-4 | 270.00 | OK | |||
r-release-macos-x86_64 | 1.2-4 | 491.00 | OK | |||
r-release-windows-x86_64 | 1.2-4 | 19.00 | 549.00 | 568.00 | OK | |
r-oldrel-macos-arm64 | 1.2-4 | 257.00 | OK | |||
r-oldrel-macos-x86_64 | 1.2-4 | 519.00 | OK | |||
r-oldrel-windows-x86_64 | 1.2-4 | 27.00 | 687.00 | 714.00 | OK |
Version: 1.2-4
Check: tests
Result: ERROR
Running ‘t-CIcdfplot.R’ [13s/18s]
Running ‘t-Surv2fitdistcens.R’ [2s/2s]
Running ‘t-bootdist.R’ [6s/8s]
Running ‘t-bootdistcens.R’ [2s/3s]
Running ‘t-cdfcomp.R’ [4s/5s]
Running ‘t-cdfcompcens.R’ [5s/6s]
Running ‘t-cvg-algo.R’ [0s/0s]
Running ‘t-denscomp.R’ [4s/6s]
Running ‘t-descdist.R’ [2s/3s]
Running ‘t-detectbound.R’ [2s/3s]
Running ‘t-fitbench.R’ [0s/0s]
Running ‘t-fitdist-burr.R’ [9s/13s]
Running ‘t-fitdist-customoptim.R’ [2s/3s]
Running ‘t-fitdist-hessianpb.R’ [2s/2s]
Running ‘t-fitdist-test-arguments.R’ [2s/2s]
Running ‘t-fitdist.R’ [2s/4s]
Running ‘t-fitdistcens.R’ [3s/3s]
Running ‘t-gen-max-spacing-estim.R’ [2s/2s]
Running ‘t-getparam.R’ [1s/2s]
Running ‘t-gofstat.R’ [2s/2s]
Running ‘t-init-actuar.R’ [0s/0s]
Running ‘t-llplot.R’ [2s/3s]
Running ‘t-lnL-surf.R’ [2s/2s]
Running ‘t-logLik-vcov-coef.R’ [1s/2s]
Running ‘t-manageparam.R’ [2s/2s]
Running ‘t-mgedist.R’ [3s/3s]
Running ‘t-mledist-asymptotic-vcov.R’ [2s/2s]
Running ‘t-mledist-cens.R’ [2s/2s]
Running ‘t-mledist-cvg-NelderMead.R’ [0s/0s]
Running ‘t-mledist-nocens.R’ [2s/3s]
Running ‘t-mledist-paramsupport.R’ [4s/5s]
Running ‘t-mmedist-asymptotic-vcov.R’ [2s/3s]
Running ‘t-mmedist.R’ [3s/3s]
Running ‘t-msedist.R’ [2s/3s]
Running ‘t-parallel.R’ [0s/0s]
Running ‘t-plotdist.R’ [2s/2s]
Running ‘t-plotdistcens.R’ [2s/2s]
Running ‘t-ppcomp.R’ [3s/4s]
Running ‘t-ppcompcens.R’ [5s/6s]
Running ‘t-prefit.R’ [2s/2s]
Running ‘t-qme-discrete.R’ [5s/7s]
Running ‘t-qmedist-cvg-NelderMead.R’ [0s/0s]
Running ‘t-qmedist.R’ [4s/4s]
Running ‘t-qqcomp.R’ [4s/5s]
Running ‘t-qqcompcens.R’ [4s/5s]
Running ‘t-quantiledist.R’ [2s/2s]
Running ‘t-startfixarg-overall.R’ [3s/3s]
Running ‘t-starting-value-scale-rate.R’ [2s/2s]
Running ‘t-startingvalues-fellerpareto-family.R’ [2s/3s]
Running ‘t-startingvalues-inv-family.R’ [7s/9s]
Running ‘t-startingvalues-invBurr-family.R’ [3s/3s]
Running ‘t-startingvalues-invtrgamma-family.R’ [2s/2s]
Running ‘t-startingvalues-othercont-family.R’ [3s/4s]
Running ‘t-startingvalues-trgamma-family.R’ [2s/3s]
Running ‘t-startingvalues-zeromod-family.R’ [2s/3s]
Running ‘t-startingvalues-zerotrunc-family.R’ [2s/2s]
Running ‘t-startingvalues.R’ [2s/2s]
Running ‘t-util-mmedist-vcov.R’ [1s/2s]
Running ‘t-util-npmle.R’ [1s/2s]
Running ‘t-util-npsurv-mainfunction.R’ [2s/2s]
Running ‘t-util-testdensity.R’ [2s/2s]
Running ‘t-weird-ppcomp-cens.R’ [1s/2s]
Running ‘t-weird-qqcomp-cens.R’ [1s/2s]
Running the tests in ‘tests/t-prefit.R’ failed.
Complete output:
> require("fitdistrplus")
Loading required package: fitdistrplus
Loading required package: MASS
Loading required package: survival
> nsample <- 10
>
> # (1) gamma
> x <- rgamma(nsample, 5/2, 7/2)
>
> prefit(x, "gamma", "mle", list(shape=3, scale=3), lower=-Inf, upper=Inf, silent=TRUE, control=list(trace=1, REPORT=1))
initial value 5.063724
iter 2 value 3.586966
iter 3 value 2.889688
iter 4 value 2.808464
iter 5 value 2.678751
iter 6 value 2.673878
iter 7 value 2.673767
iter 8 value 2.673763
iter 9 value 2.673734
iter 10 value 2.673733
iter 10 value 2.673733
iter 10 value 2.673733
final value 2.673733
converged
$shape
[1] 3.514956
$scale
[1] 5.356478
> prefit(x, "gamma", "mle", list(shape=1, scale=1), lower=-Inf, upper=Inf, silent=TRUE)
$shape
[1] 3.514945
$scale
[1] 5.356455
>
> prefit(x, "gamma", "mle", list(shape=3), fix.arg=list(scale=7/2), lower=-Inf, upper=Inf, silent=TRUE)
$shape
[1] 0.5299189
>
> prefit(x, "gamma", "qme", list(shape=1, scale=1), probs=1:2/3, lower=-Inf, upper=Inf, silent=TRUE)
$shape
[1] 1.506224
$scale
[1] 2.24524
>
> prefit(x, "gamma", "mge", list(shape=1, scale=1), gof="CvM", lower=-Inf, upper=Inf, silent=TRUE)
$shape
[1] 2.341174
$scale
[1] 3.584056
> prefit(x, "gamma", "mge", list(shape=1, scale=1), gof="AD", lower=-Inf, upper=Inf, silent=TRUE)
$shape
[1] 2.331131
$scale
[1] 3.490947
>
> # (2) geometric
> x <- rgeom(nsample, 1/7)
> prefit(x, "geom", "mle", list(prob=1/2), lower=-Inf, upper=Inf, silent=TRUE)
$prob
[1] 0.1562494
> tbx <- table(x)
> prefit(as.numeric(names(tbx)), "geom", "mle", list(prob=1/2), lower=-Inf, upper=Inf, silent=TRUE, weights=tbx)
$prob
[1] 0.1562494
> prefit(x, "geom", "qme", list(prob=1/2), probs=1/2, lower=-Inf, upper=Inf)
$prob
[1] 0.2175502
>
>
> # (3) Pareto
> require("actuar")
Loading required package: actuar
Attaching package: 'actuar'
The following objects are masked from 'package:stats':
sd, var
The following object is masked from 'package:grDevices':
cm
> x <- rpareto(nsample, 6, 2)
>
> prefit(x, "pareto", "mme", list(shape=10, scale=10), order=1:2, memp=function(x, order) mean(x^order), lower=-Inf, upper=Inf)
Error in prefit(x, "pareto", "mme", list(shape = 10, scale = 10), order = 1:2, :
unsuccessful pre-fitting process
Execution halted
Flavor: r-devel-linux-x86_64-debian-gcc