Last updated on 2025-10-31 01:48:57 CET.
| Flavor | Version | Tinstall | Tcheck | Ttotal | Status | Flags | 
|---|---|---|---|---|---|---|
| r-devel-linux-x86_64-debian-clang | 3.2 | 12.51 | 47.73 | 60.24 | NOTE | |
| r-devel-linux-x86_64-debian-gcc | 3.2 | 10.71 | 31.94 | 42.65 | NOTE | |
| r-devel-linux-x86_64-fedora-clang | 3.2 | 70.00 | 40.77 | 110.77 | NOTE | |
| r-devel-linux-x86_64-fedora-gcc | 3.2 | 40.00 | 58.16 | 98.16 | NOTE | |
| r-devel-windows-x86_64 | 3.2 | 16.00 | 75.00 | 91.00 | NOTE | |
| r-patched-linux-x86_64 | 3.2 | 15.82 | 45.05 | 60.87 | NOTE | |
| r-release-linux-x86_64 | 3.2 | 15.37 | 44.83 | 60.20 | NOTE | |
| r-release-macos-arm64 | 3.2 | 6.00 | 24.00 | 30.00 | NOTE | |
| r-release-macos-x86_64 | 3.2 | 9.00 | 48.00 | 57.00 | NOTE | |
| r-release-windows-x86_64 | 3.2 | 18.00 | 81.00 | 99.00 | NOTE | |
| r-oldrel-macos-arm64 | 3.2 | 7.00 | 23.00 | 30.00 | NOTE | |
| r-oldrel-macos-x86_64 | 3.2 | 10.00 | 35.00 | 45.00 | NOTE | |
| r-oldrel-windows-x86_64 | 3.2 | 18.00 | 101.00 | 119.00 | NOTE | 
Version: 3.2
Check: CRAN incoming feasibility
Result: NOTE
  Maintainer: ‘Ashley Petersen <ashleyjpete@gmail.com>’
  
  No Authors@R field in DESCRIPTION.
  Please add one, modifying
    Authors@R: person(given = "Ashley",
                      family = "Petersen",
                      role = c("aut", "cre"),
                      email = "ashleyjpete@gmail.com")
  as necessary.
Flavors: r-devel-linux-x86_64-debian-clang, r-devel-linux-x86_64-debian-gcc
Version: 3.2
Check: Rd files
Result: NOTE
  checkRd: (-1) summary.flamcv.rd:8: Lost braces
       8 | This function summarizes a call to code{\link{flamCV}} and identifies the tuning parameter chosen by cross-validation.
         |                                        ^
Flavors: r-devel-linux-x86_64-debian-clang, r-devel-linux-x86_64-debian-gcc, r-devel-linux-x86_64-fedora-clang, r-devel-linux-x86_64-fedora-gcc, r-devel-windows-x86_64, r-patched-linux-x86_64, r-release-linux-x86_64, r-release-macos-arm64, r-release-macos-x86_64, r-release-windows-x86_64, r-oldrel-macos-arm64, r-oldrel-macos-x86_64, r-oldrel-windows-x86_64