Last updated on 2025-11-16 01:49:16 CET.
| Flavor | Version | Tinstall | Tcheck | Ttotal | Status | Flags |
|---|---|---|---|---|---|---|
| r-devel-linux-x86_64-debian-clang | 0.1.3 | 3.50 | 33.39 | 36.89 | OK | |
| r-devel-linux-x86_64-debian-gcc | 0.1.3 | 1.99 | 25.40 | 27.39 | NOTE | |
| r-devel-linux-x86_64-fedora-clang | 0.1.3 | 30.00 | 28.95 | 58.95 | OK | |
| r-devel-linux-x86_64-fedora-gcc | 0.1.3 | 49.87 | OK | |||
| r-devel-windows-x86_64 | 0.1.3 | 8.00 | 51.00 | 59.00 | OK | |
| r-patched-linux-x86_64 | 0.1.3 | 3.80 | 30.63 | 34.43 | OK | |
| r-release-linux-x86_64 | 0.1.3 | 3.52 | 30.72 | 34.24 | OK | |
| r-release-macos-arm64 | 0.1.3 | 1.00 | 18.00 | 19.00 | OK | |
| r-release-macos-x86_64 | 0.1.3 | 3.00 | 30.00 | 33.00 | OK | |
| r-release-windows-x86_64 | 0.1.3 | 7.00 | 51.00 | 58.00 | OK | |
| r-oldrel-macos-arm64 | 0.1.3 | 2.00 | 19.00 | 21.00 | OK | |
| r-oldrel-macos-x86_64 | 0.1.3 | 3.00 | 32.00 | 35.00 | OK | |
| r-oldrel-windows-x86_64 | 0.1.3 | 6.00 | 58.00 | 64.00 | OK |
Version: 0.1.3
Check: CRAN incoming feasibility
Result: NOTE
Maintainer: ‘Roberto Villegas-Diaz <r.villegas-diaz@outlook.com>’
The BugReports field in DESCRIPTION has
https://github.com/special-uor/fxTWAPLS/issues/
which should likely be
https://github.com/special-uor/fxTWAPLS/issues/issues
instead.
Flavor: r-devel-linux-x86_64-debian-gcc