Last updated on 2025-10-31 01:48:58 CET.
| Flavor | Version | Tinstall | Tcheck | Ttotal | Status | Flags | 
|---|---|---|---|---|---|---|
| r-devel-linux-x86_64-debian-clang | 0.3.1 | 30.39 | 47.56 | 77.95 | OK | |
| r-devel-linux-x86_64-debian-gcc | 0.3.1 | 23.45 | 36.30 | 59.75 | OK | |
| r-devel-linux-x86_64-fedora-clang | 0.3.1 | 112.00 | 19.98 | 131.98 | OK | |
| r-devel-linux-x86_64-fedora-gcc | 0.3.1 | 70.00 | 55.14 | 125.14 | OK | |
| r-devel-windows-x86_64 | 0.3.1 | 35.00 | 83.00 | 118.00 | OK | |
| r-patched-linux-x86_64 | 0.3.1 | 35.69 | 46.59 | 82.28 | OK | |
| r-release-linux-x86_64 | 0.3.1 | 31.53 | 46.95 | 78.48 | OK | |
| r-release-macos-arm64 | 0.3.1 | 14.00 | 24.00 | 38.00 | OK | |
| r-release-macos-x86_64 | 0.3.1 | 27.00 | 41.00 | 68.00 | OK | |
| r-release-windows-x86_64 | 0.3.1 | 36.00 | 82.00 | 118.00 | OK | |
| r-oldrel-macos-arm64 | 0.3.1 | 13.00 | 27.00 | 40.00 | NOTE | |
| r-oldrel-macos-x86_64 | 0.3.1 | 31.00 | 47.00 | 78.00 | NOTE | |
| r-oldrel-windows-x86_64 | 0.3.1 | 41.00 | 100.00 | 141.00 | OK | 
Version: 0.3.1
Check: installed package size
Result: NOTE
    installed size is 11.1Mb
    sub-directories of 1Mb or more:
      libs  10.5Mb
Flavors: r-oldrel-macos-arm64, r-oldrel-macos-x86_64