Last updated on 2024-04-30 01:50:29 CEST.
Flavor | Version | Tinstall | Tcheck | Ttotal | Status | Flags |
---|---|---|---|---|---|---|
r-devel-linux-x86_64-debian-clang | 0.1.8 | 13.49 | 186.77 | 200.26 | OK | |
r-devel-linux-x86_64-debian-gcc | 0.1.8 | 12.61 | 138.85 | 151.46 | OK | |
r-devel-linux-x86_64-fedora-clang | 0.1.8 | 2.78 | ERROR | |||
r-devel-linux-x86_64-fedora-gcc | 0.1.8 | 2.56 | ERROR | |||
r-devel-windows-x86_64 | 0.1.8 | 14.00 | 238.00 | 252.00 | OK | |
r-patched-linux-x86_64 | 0.1.8 | 10.55 | 177.73 | 188.28 | OK | |
r-release-linux-x86_64 | 0.1.8 | 9.30 | 178.19 | 187.49 | OK | |
r-release-macos-arm64 | 0.1.8 | 70.00 | OK | |||
r-release-windows-x86_64 | 0.1.8 | 14.00 | 235.00 | 249.00 | OK | |
r-oldrel-macos-arm64 | 0.1.8 | 76.00 | OK | |||
r-oldrel-macos-x86_64 | 0.1.8 | 181.00 | OK | |||
r-oldrel-windows-x86_64 | 0.1.8 | 18.00 | 239.00 | 257.00 | OK |
Version: 0.1.8
Check: package dependencies
Result: ERROR
Package required but not available: ‘gslnls’
See section ‘The DESCRIPTION file’ in the ‘Writing R Extensions’
manual.
Flavors: r-devel-linux-x86_64-fedora-clang, r-devel-linux-x86_64-fedora-gcc