Last updated on 2025-11-16 01:49:17 CET.
| Flavor | Version | Tinstall | Tcheck | Ttotal | Status | Flags |
|---|---|---|---|---|---|---|
| r-devel-linux-x86_64-debian-clang | 2.3.1 | 12.68 | 228.09 | 240.77 | OK | |
| r-devel-linux-x86_64-debian-gcc | 2.3.1 | 9.07 | 159.08 | 168.15 | NOTE | |
| r-devel-linux-x86_64-fedora-clang | 2.3.1 | 31.00 | 366.03 | 397.03 | OK | |
| r-devel-linux-x86_64-fedora-gcc | 2.3.1 | 65.00 | 353.91 | 418.91 | OK | |
| r-devel-windows-x86_64 | 2.3.1 | 17.00 | 236.00 | 253.00 | OK | |
| r-patched-linux-x86_64 | 2.3.1 | 14.05 | 220.06 | 234.11 | OK | |
| r-release-linux-x86_64 | 2.3.1 | 12.35 | 224.75 | 237.10 | OK | |
| r-release-macos-arm64 | 2.3.1 | 5.00 | 46.00 | 51.00 | OK | |
| r-release-macos-x86_64 | 2.3.1 | 9.00 | 218.00 | 227.00 | OK | |
| r-release-windows-x86_64 | 2.3.1 | 14.00 | 235.00 | 249.00 | OK | |
| r-oldrel-macos-arm64 | 2.3.1 | 5.00 | 114.00 | 119.00 | OK | |
| r-oldrel-macos-x86_64 | 2.3.1 | 12.00 | 125.00 | 137.00 | OK | |
| r-oldrel-windows-x86_64 | 2.3.1 | 22.00 | 312.00 | 334.00 | OK |
Version: 2.3.1
Check: CRAN incoming feasibility
Result: NOTE
Maintainer: ‘Daniel Lüdecke <d.luedecke@uke.de>’
The BugReports field in DESCRIPTION has
https://github.com/strengejacke/ggeffects/issues/
which should likely be
https://github.com/strengejacke/ggeffects/issues/issues
instead.
Flavor: r-devel-linux-x86_64-debian-gcc