CRAN Package Check Results for Package ggseg3d

Last updated on 2025-11-16 01:49:17 CET.

Flavor Version Tinstall Tcheck Ttotal Status Flags
r-devel-linux-x86_64-debian-clang 1.6.3 18.66 84.36 103.02 NOTE
r-devel-linux-x86_64-debian-gcc 1.6.3 13.36 61.15 74.51 NOTE
r-devel-linux-x86_64-fedora-clang 1.6.3 88.00 69.99 157.99 NOTE
r-devel-linux-x86_64-fedora-gcc 1.6.3 44.00 101.81 145.81 NOTE
r-devel-windows-x86_64 1.6.3 23.00 89.00 112.00 OK
r-patched-linux-x86_64 1.6.3 17.20 79.42 96.62 OK
r-release-linux-x86_64 1.6.3 15.97 79.28 95.25 OK
r-release-macos-arm64 1.6.3 11.00 35.00 46.00 OK
r-release-macos-x86_64 1.6.3 19.00 66.00 85.00 OK
r-release-windows-x86_64 1.6.3 19.00 92.00 111.00 OK
r-oldrel-macos-arm64 1.6.3 11.00 37.00 48.00 OK
r-oldrel-macos-x86_64 1.6.3 13.00 58.00 71.00 OK
r-oldrel-windows-x86_64 1.6.3 27.00 117.00 144.00 OK

Check Details

Version: 1.6.3
Check: CRAN incoming feasibility
Result: NOTE Maintainer: ‘Athanasia Mo Mowinckel <a.m.mowinckel@psykologi.uio.no>’ Package CITATION file contains call(s) to old-style citEntry(). Please use bibentry() instead. Flavor: r-devel-linux-x86_64-debian-clang

Version: 1.6.3
Check: CRAN incoming feasibility
Result: NOTE Maintainer: ‘Athanasia Mo Mowinckel <a.m.mowinckel@psykologi.uio.no>’ Package CITATION file contains call(s) to old-style citEntry(). Please use bibentry() instead. The BugReports field in DESCRIPTION has https://github.com/ggseg/ggseg3d/issues/ which should likely be https://github.com/ggseg/ggseg3d/issues/issues instead. Flavor: r-devel-linux-x86_64-debian-gcc

Version: 1.6.3
Check: dependencies in R code
Result: NOTE Namespaces in Imports field not imported from: ‘magrittr’ ‘utils’ All declared Imports should be used. Flavors: r-devel-linux-x86_64-fedora-clang, r-devel-linux-x86_64-fedora-gcc