Last updated on 2024-05-21 02:02:03 CEST.
Flavor | Version | Tinstall | Tcheck | Ttotal | Status | Flags |
---|---|---|---|---|---|---|
r-devel-linux-x86_64-debian-clang | 1.5.4.4 | 645.04 | 239.24 | 884.28 | NOTE | |
r-devel-linux-x86_64-debian-gcc | 1.5.4.4 | 549.47 | 197.31 | 746.78 | NOTE | |
r-devel-linux-x86_64-fedora-clang | 1.5.4.4 | 1126.52 | NOTE | |||
r-devel-linux-x86_64-fedora-gcc | 1.5.4.4 | 1431.52 | NOTE | |||
r-devel-windows-x86_64 | 1.5.4.4 | 500.00 | 206.00 | 706.00 | NOTE | |
r-patched-linux-x86_64 | 1.5.4.4 | 647.72 | 259.81 | 907.53 | NOTE | |
r-release-linux-x86_64 | 1.5.4.4 | 543.64 | 263.05 | 806.69 | NOTE | |
r-release-macos-arm64 | 1.5.4.4 | 238.00 | NOTE | |||
r-release-windows-x86_64 | 1.5.4.4 | 500.00 | 205.00 | 705.00 | NOTE | |
r-oldrel-macos-arm64 | 1.5.4.4 | 227.00 | NOTE | |||
r-oldrel-macos-x86_64 | 1.5.4.4 | 320.00 | NOTE | |||
r-oldrel-windows-x86_64 | 1.5.4.4 | 616.00 | 254.00 | 870.00 | NOTE |
Version: 1.5.4.4
Check: for GNU extensions in Makefiles
Result: NOTE
GNU make is a SystemRequirements.
Flavors: r-devel-linux-x86_64-debian-clang, r-devel-linux-x86_64-debian-gcc, r-devel-linux-x86_64-fedora-clang, r-devel-linux-x86_64-fedora-gcc, r-devel-windows-x86_64, r-patched-linux-x86_64, r-release-linux-x86_64, r-release-macos-arm64, r-release-windows-x86_64, r-oldrel-macos-arm64, r-oldrel-macos-x86_64, r-oldrel-windows-x86_64
Version: 1.5.4.4
Check: installed package size
Result: NOTE
installed size is 5.2Mb
sub-directories of 1Mb or more:
libs 4.0Mb
Flavors: r-devel-linux-x86_64-fedora-clang, r-release-macos-arm64, r-oldrel-macos-arm64, r-oldrel-macos-x86_64
Version: 1.5.4.4
Check: dependencies in R code
Result: NOTE
Namespace in Imports field not imported from: ‘rstantools’
All declared Imports should be used.
Flavors: r-devel-linux-x86_64-fedora-clang, r-devel-linux-x86_64-fedora-gcc