CRAN Package Check Results for Package googlenlp

Last updated on 2025-11-15 02:53:02 CET.

Flavor Version Tinstall Tcheck Ttotal Status Flags
r-devel-linux-x86_64-debian-clang 0.2.0 5.14 37.89 43.03 OK
r-devel-linux-x86_64-debian-gcc 0.2.0 3.90 29.72 33.62 OK
r-devel-linux-x86_64-fedora-clang 0.2.0 23.00 43.91 66.91 OK
r-devel-linux-x86_64-fedora-gcc 0.2.0 55.70 OK
r-devel-windows-x86_64 0.2.0 9.00 53.00 62.00 OK
r-patched-linux-x86_64 0.2.0 4.61 34.53 39.14 OK
r-release-linux-x86_64 0.2.0 3.93 34.52 38.45 OK
r-release-macos-arm64 0.2.0 2.00 24.00 26.00 OK
r-release-macos-x86_64 0.2.0 4.00 33.00 37.00 OK
r-release-windows-x86_64 0.2.0 7.00 53.00 60.00 OK
r-oldrel-macos-arm64 0.2.0 2.00 19.00 21.00 NOTE
r-oldrel-macos-x86_64 0.2.0 6.00 43.00 49.00 NOTE
r-oldrel-windows-x86_64 0.2.0 8.00 61.00 69.00 NOTE

Check Details

Version: 0.2.0
Check: LazyData
Result: NOTE 'LazyData' is specified without a 'data' directory Flavors: r-oldrel-macos-arm64, r-oldrel-macos-x86_64, r-oldrel-windows-x86_64