Last updated on 2024-05-08 01:48:15 CEST.
Flavor | Version | Tinstall | Tcheck | Ttotal | Status | Flags |
---|---|---|---|---|---|---|
r-devel-linux-x86_64-debian-clang | 1.7.2 | 27.22 | 248.00 | 275.22 | NOTE | |
r-devel-linux-x86_64-debian-gcc | 1.7.2 | 20.02 | 179.86 | 199.88 | NOTE | |
r-devel-linux-x86_64-fedora-clang | 1.7.2 | 351.33 | NOTE | |||
r-devel-linux-x86_64-fedora-gcc | 1.7.2 | 334.93 | NOTE | |||
r-devel-windows-x86_64 | 1.7.2 | 20.00 | 212.00 | 232.00 | NOTE | |
r-patched-linux-x86_64 | 1.7.2 | 21.81 | 233.70 | 255.51 | NOTE | |
r-release-linux-x86_64 | 1.7.2 | 16.48 | 230.85 | 247.33 | NOTE | |
r-release-macos-arm64 | 1.7.2 | 94.00 | NOTE | |||
r-release-windows-x86_64 | 1.7.2 | 20.00 | 209.00 | 229.00 | NOTE | |
r-oldrel-macos-arm64 | 1.7.2 | 87.00 | OK | |||
r-oldrel-macos-x86_64 | 1.7.2 | 197.00 | OK | |||
r-oldrel-windows-x86_64 | 1.7.2 | 26.00 | 260.00 | 286.00 | OK |
Version: 1.7.2
Check: Rd files
Result: NOTE
checkRd: (-1) as_flex_table.Rd:24: Lost braces; missing escapes or markup?
24 | A {flextable} object
| ^
checkRd: (-1) as_hux_table.Rd:37: Lost braces; missing escapes or markup?
37 | A {huxtable} object
| ^
checkRd: (-1) as_kable_extra.Rd:42: Lost braces; missing escapes or markup?
42 | and {kableExtra}; \code{as_kable_extra()} supports arguments in \code{knitr::kable()}.
| ^
checkRd: (-1) as_kable_extra.Rd:37: Lost braces; missing escapes or markup?
37 | A {kableExtra} table
| ^
checkRd: (-1) select_helpers.Rd:53: Lost braces; missing escapes or markup?
53 | Set of functions to supplement the {tidyselect} set of
| ^
checkRd: (-1) tbl_summary.Rd:91: Lost braces; missing escapes or markup?
91 | from the \\{tidyselect\\} package and \\{gtsummary\\} package are available to
| ^
checkRd: (-1) tbl_summary.Rd:91: Lost braces; missing escapes or markup?
91 | from the \\{tidyselect\\} package and \\{gtsummary\\} package are available to
| ^
checkRd: (-1) tbl_svysummary.Rd:183: Lost braces; missing escapes or markup?
183 | from the \\{tidyselect\\} package and \\{gtsummary\\} package are available to
| ^
checkRd: (-1) tbl_svysummary.Rd:183: Lost braces; missing escapes or markup?
183 | from the \\{tidyselect\\} package and \\{gtsummary\\} package are available to
| ^
Flavors: r-devel-linux-x86_64-debian-clang, r-devel-linux-x86_64-debian-gcc, r-devel-linux-x86_64-fedora-clang, r-devel-linux-x86_64-fedora-gcc, r-devel-windows-x86_64, r-patched-linux-x86_64, r-release-linux-x86_64, r-release-macos-arm64, r-release-windows-x86_64