Last updated on 2025-11-15 02:53:03 CET.
| Flavor | Version | Tinstall | Tcheck | Ttotal | Status | Flags |
|---|---|---|---|---|---|---|
| r-devel-linux-x86_64-debian-clang | 0.8.2 | 422.69 | 166.57 | 589.26 | OK | |
| r-devel-linux-x86_64-debian-gcc | 0.8.2 | 413.44 | 156.14 | 569.58 | OK | |
| r-devel-linux-x86_64-fedora-clang | 0.8.2 | 840.00 | 71.72 | 911.72 | OK | |
| r-devel-linux-x86_64-fedora-gcc | 0.8.2 | 1260.00 | -98.94 | 1161.06 | OK | |
| r-devel-windows-x86_64 | 0.8.2 | 486.00 | 253.00 | 739.00 | OK | |
| r-patched-linux-x86_64 | 0.8.2 | 508.70 | 209.00 | 717.70 | OK | |
| r-release-linux-x86_64 | 0.8.2 | 510.40 | 204.35 | 714.75 | OK | |
| r-release-macos-arm64 | 0.8.2 | 167.00 | 54.00 | 221.00 | OK | |
| r-release-macos-x86_64 | 0.8.2 | 152.00 | 112.00 | 264.00 | OK | |
| r-release-windows-x86_64 | 0.8.2 | 467.00 | 263.00 | 730.00 | OK | |
| r-oldrel-macos-arm64 | 0.8.2 | 87.00 | 37.00 | 124.00 | NOTE | |
| r-oldrel-macos-x86_64 | 0.8.2 | 70.00 | 61.00 | 131.00 | NOTE | |
| r-oldrel-windows-x86_64 | 0.8.2 | 551.00 | 342.00 | 893.00 | OK |
Version: 0.8.2
Check: installed package size
Result: NOTE
installed size is 90.0Mb
sub-directories of 1Mb or more:
libs 89.5Mb
Flavors: r-oldrel-macos-arm64, r-oldrel-macos-x86_64
Version: 0.8.2
Check: for GNU extensions in Makefiles
Result: NOTE
GNU make is a SystemRequirements.
Flavors: r-oldrel-macos-arm64, r-oldrel-macos-x86_64