Last updated on 2024-05-13 01:52:16 CEST.
Flavor | Version | Tinstall | Tcheck | Ttotal | Status | Flags |
---|---|---|---|---|---|---|
r-devel-linux-x86_64-debian-clang | 2.3.1 | 31.97 | 614.68 | 646.65 | OK | |
r-devel-linux-x86_64-debian-gcc | 2.3.1 | 29.24 | 534.86 | 564.10 | OK | |
r-devel-linux-x86_64-fedora-clang | 2.3.1 | 961.50 | NOTE | |||
r-devel-linux-x86_64-fedora-gcc | 2.3.1 | 1036.62 | OK | |||
r-devel-windows-x86_64 | 2.3.1 | 37.00 | 613.00 | 650.00 | NOTE | |
r-patched-linux-x86_64 | 2.3.1 | 39.52 | 603.12 | 642.64 | OK | |
r-release-linux-x86_64 | 2.3.1 | 32.68 | 585.87 | 618.55 | OK | |
r-release-macos-arm64 | 2.3.1 | 264.00 | NOTE | |||
r-release-macos-x86_64 | 2.3.1 | 700.00 | NOTE | |||
r-release-windows-x86_64 | 2.3.1 | 38.00 | 610.00 | 648.00 | NOTE | |
r-oldrel-macos-arm64 | 2.3.1 | 256.00 | NOTE | |||
r-oldrel-macos-x86_64 | 2.3.1 | 722.00 | NOTE | |||
r-oldrel-windows-x86_64 | 2.3.1 | 45.00 | 772.00 | 817.00 | NOTE |
Version: 2.3.1
Check: installed package size
Result: NOTE
installed size is 6.2Mb
sub-directories of 1Mb or more:
data 1.8Mb
doc 2.3Mb
help 1.1Mb
Flavors: r-devel-linux-x86_64-fedora-clang, r-devel-windows-x86_64, r-release-macos-arm64, r-release-macos-x86_64, r-release-windows-x86_64, r-oldrel-macos-arm64, r-oldrel-macos-x86_64, r-oldrel-windows-x86_64