Last updated on 2025-11-15 02:53:03 CET.
| Flavor | Version | Tinstall | Tcheck | Ttotal | Status | Flags |
|---|---|---|---|---|---|---|
| r-devel-linux-x86_64-debian-clang | 2.1.0 | 8.77 | 85.26 | 94.03 | OK | |
| r-devel-linux-x86_64-debian-gcc | 2.1.0 | 6.09 | 61.25 | 67.34 | OK | |
| r-devel-linux-x86_64-fedora-clang | 2.1.0 | 43.00 | 113.58 | 156.58 | OK | |
| r-devel-linux-x86_64-fedora-gcc | 2.1.0 | 22.00 | 120.24 | 142.24 | OK | |
| r-devel-windows-x86_64 | 2.1.0 | 13.00 | 92.00 | 105.00 | OK | |
| r-patched-linux-x86_64 | 2.1.0 | 10.16 | 82.22 | 92.38 | OK | |
| r-release-linux-x86_64 | 2.1.0 | 9.76 | 81.28 | 91.04 | OK | |
| r-release-macos-arm64 | 2.1.0 | 4.00 | 42.00 | 46.00 | OK | |
| r-release-macos-x86_64 | 2.1.0 | 9.00 | 75.00 | 84.00 | OK | |
| r-release-windows-x86_64 | 2.1.0 | 11.00 | 90.00 | 101.00 | OK | |
| r-oldrel-macos-arm64 | 2.1.0 | 4.00 | 39.00 | 43.00 | NOTE | |
| r-oldrel-macos-x86_64 | 2.1.0 | 13.00 | 112.00 | 125.00 | NOTE | |
| r-oldrel-windows-x86_64 | 2.1.0 | 15.00 | 120.00 | 135.00 | NOTE |
Version: 2.1.0
Check: installed package size
Result: NOTE
installed size is 5.3Mb
sub-directories of 1Mb or more:
java 4.2Mb
Flavors: r-oldrel-macos-arm64, r-oldrel-macos-x86_64, r-oldrel-windows-x86_64