Last updated on 2025-11-21 02:50:24 CET.
| Flavor | Version | Tinstall | Tcheck | Ttotal | Status | Flags |
|---|---|---|---|---|---|---|
| r-devel-linux-x86_64-debian-clang | 0.1 | 27.70 | 35.13 | 62.83 | NOTE | |
| r-devel-linux-x86_64-debian-gcc | 0.1 | 16.56 | 25.06 | 41.62 | NOTE | |
| r-devel-linux-x86_64-fedora-clang | 0.1 | 154.00 | -40.52 | 113.48 | NOTE | |
| r-devel-linux-x86_64-fedora-gcc | 0.1 | 44.00 | 40.75 | 84.75 | NOTE | |
| r-devel-windows-x86_64 | 0.1 | 38.00 | 68.00 | 106.00 | NOTE | |
| r-patched-linux-x86_64 | 0.1 | 25.21 | 34.42 | 59.63 | NOTE | |
| r-release-linux-x86_64 | 0.1 | 22.58 | 34.21 | 56.79 | NOTE | |
| r-release-macos-arm64 | 0.1 | NOTE | ||||
| r-release-macos-x86_64 | 0.1 | 15.00 | 36.00 | 51.00 | NOTE | |
| r-release-windows-x86_64 | 0.1 | 30.00 | 70.00 | 100.00 | NOTE | |
| r-oldrel-macos-arm64 | 0.1 | NOTE | ||||
| r-oldrel-macos-x86_64 | 0.1 | 15.00 | 25.00 | 40.00 | NOTE | |
| r-oldrel-windows-x86_64 | 0.1 | 26.00 | 83.00 | 109.00 | NOTE |
Version: 0.1
Check: C++ specification
Result: NOTE
Specified C++11: please drop specification unless essential
Flavors: r-devel-linux-x86_64-debian-clang, r-devel-linux-x86_64-debian-gcc, r-devel-linux-x86_64-fedora-clang, r-devel-linux-x86_64-fedora-gcc, r-devel-windows-x86_64, r-patched-linux-x86_64, r-release-linux-x86_64, r-release-macos-arm64, r-release-macos-x86_64, r-release-windows-x86_64, r-oldrel-macos-arm64, r-oldrel-macos-x86_64, r-oldrel-windows-x86_64