CRAN Package Check Results for Package imageviewer

Last updated on 2025-11-15 02:53:03 CET.

Flavor Version Tinstall Tcheck Ttotal Status Flags
r-devel-linux-x86_64-debian-clang 0.1.0 2.41 25.58 27.99 OK
r-devel-linux-x86_64-debian-gcc 0.1.0 1.93 20.98 22.91 OK
r-devel-linux-x86_64-fedora-clang 0.1.0 42.95 OK
r-devel-linux-x86_64-fedora-gcc 0.1.0 37.90 OK
r-devel-windows-x86_64 0.1.0 10.00 41.00 51.00 OK
r-patched-linux-x86_64 0.1.0 2.32 23.08 25.40 OK
r-release-linux-x86_64 0.1.0 1.66 23.35 25.01 OK
r-release-macos-arm64 0.1.0 2.00 18.00 20.00 OK
r-release-macos-x86_64 0.1.0 2.00 24.00 26.00 OK
r-release-windows-x86_64 0.1.0 6.00 42.00 48.00 OK
r-oldrel-macos-arm64 0.1.0 1.00 16.00 17.00 NOTE
r-oldrel-macos-x86_64 0.1.0 2.00 22.00 24.00 NOTE
r-oldrel-windows-x86_64 0.1.0 7.00 48.00 55.00 NOTE

Check Details

Version: 0.1.0
Check: LazyData
Result: NOTE 'LazyData' is specified without a 'data' directory Flavors: r-oldrel-macos-arm64, r-oldrel-macos-x86_64, r-oldrel-windows-x86_64